{"id":101,"date":"2015-10-04T11:47:31","date_gmt":"2015-10-04T11:47:31","guid":{"rendered":"http:\/\/bello-ade.bplaced.net\/?page_id=101"},"modified":"2016-05-07T11:06:31","modified_gmt":"2016-05-07T11:06:31","slug":"termine","status":"publish","type":"page","link":"https:\/\/bello-ade-in-park-und-see.de\/index.php\/termine\/","title":{"rendered":"Termine"},"content":{"rendered":"<p>Leider k\u00f6nnen wir die <strong>Termine unserer BI-Treffen<\/strong> nicht \u00f6ffentlich bekannt geben. Bei der B\u00fcrgerinformation des Bezirksamtes im Februar kam es zu Geschrei und P\u00f6beleien. Einige aus dieser Extrem-Fraktion der Hundehalter\/innen haben bereits versucht, von unseren Treffen zu erfahren.<\/p>\n<p>Wer unsere Ziele teilt und mitmachen m\u00f6chte ist herzlich willkommen! Bitte schreiben Sie uns eine Mail: <a href=\"mailto:bello-ade-in-park-und-see@gmx.de\">bello-ade-in-park-und-see@gmx.de<\/a>.<\/p>\n<hr \/>\n<p>&nbsp;<\/p>\n<p>&nbsp;<\/p>\n","protected":false},"excerpt":{"rendered":"<p>Leider k\u00f6nnen wir die Termine unserer BI-Treffen nicht \u00f6ffentlich bekannt geben. Bei der B\u00fcrgerinformation des Bezirksamtes im Februar kam es zu Geschrei und P\u00f6beleien. Einige aus dieser Extrem-Fraktion der Hundehalter\/innen haben bereits versucht, von unseren Treffen zu erfahren. Wer unsere &hellip; <a href=\"https:\/\/bello-ade-in-park-und-see.de\/index.php\/termine\/\">Weiterlesen <span class=\"meta-nav\">&rarr;<\/span><\/a><\/p>\n","protected":false},"author":3,"featured_media":0,"parent":0,"menu_order":0,"comment_status":"closed","ping_status":"closed","template":"full-width-page.php","meta":{"footnotes":""},"class_list":["post-101","page","type-page","status-publish","hentry"],"_links":{"self":[{"href":"https:\/\/bello-ade-in-park-und-see.de\/index.php\/wp-json\/wp\/v2\/pages\/101","targetHints":{"allow":["GET"]}}],"collection":[{"href":"https:\/\/bello-ade-in-park-und-see.de\/index.php\/wp-json\/wp\/v2\/pages"}],"about":[{"href":"https:\/\/bello-ade-in-park-und-see.de\/index.php\/wp-json\/wp\/v2\/types\/page"}],"author":[{"embeddable":true,"href":"https:\/\/bello-ade-in-park-und-see.de\/index.php\/wp-json\/wp\/v2\/users\/3"}],"replies":[{"embeddable":true,"href":"https:\/\/bello-ade-in-park-und-see.de\/index.php\/wp-json\/wp\/v2\/comments?post=101"}],"version-history":[{"count":20,"href":"https:\/\/bello-ade-in-park-und-see.de\/index.php\/wp-json\/wp\/v2\/pages\/101\/revisions"}],"predecessor-version":[{"id":517,"href":"https:\/\/bello-ade-in-park-und-see.de\/index.php\/wp-json\/wp\/v2\/pages\/101\/revisions\/517"}],"wp:attachment":[{"href":"https:\/\/bello-ade-in-park-und-see.de\/index.php\/wp-json\/wp\/v2\/media?parent=101"}],"curies":[{"name":"wp","href":"https:\/\/api.w.org\/{rel}","templated":true}]}}

<p>Leider können wir die <strong>Termine unserer BI-Treffen</strong> nicht öffentlich bekannt geben. Bei der Bürgerinformation des Bezirksamtes im Februar kam es zu Geschrei und Pöbeleien. Einige aus dieser Extrem-Fraktion der Hundehalter/innen haben bereits versucht, von unseren Treffen zu erfahren.</p>
<p>Wer unsere Ziele teilt und mitmachen möchte ist herzlich willkommen! Bitte schreiben Sie uns eine Mail: <a href="mailto:bello-ade-in-park-und-see@gmx.de">bello-ade-in-park-und-see@gmx.de</a>.</p>
<hr />
<p>&nbsp;</p>
<p>&nbsp;</p>

<p>Leider können wir die Termine unserer BI-Treffen nicht öffentlich bekannt geben. Bei der Bürgerinformation des Bezirksamtes im Februar kam es zu Geschrei und Pöbeleien. Einige aus dieser Extrem-Fraktion der Hundehalter/innen haben bereits versucht, von unseren Treffen zu erfahren. Wer unsere &hellip; <a href="https://bello-ade-in-park-und-see.de/index.php/termine/">Weiterlesen <span class="meta-nav">&rarr;</span></a></p>
