{"id":292,"date":"2015-11-22T12:37:09","date_gmt":"2015-11-22T12:37:09","guid":{"rendered":"http:\/\/bello-ade-in-park-und-see.de\/?page_id=292"},"modified":"2019-08-20T20:22:54","modified_gmt":"2019-08-20T20:22:54","slug":"nahverkehr-in-berlin","status":"publish","type":"page","link":"https:\/\/bello-ade-in-park-und-see.de\/index.php\/nahverkehr-in-berlin\/","title":{"rendered":"\u00d6ffentlicher Personen-Nahverkehr in Berlin"},"content":{"rendered":"<div id=\"wrap\">\n<div id=\"main\">\n<div id=\"content\">\n<article id=\"post-289\" class=\"post-289 post type-post status-draft format-standard hentry category-uncategorized\">\n<div class=\"single-entry-content\">\n<p style=\"text-align: right;\"><a href=\"http:\/\/bello-ade-in-park-und-see.de\/wp-content\/uploads\/2015\/11\/\u00d6PNV-in-Berlin.pdf\">PDF-Version<\/a><\/p>\n<p>Schaut man in die Details so mancher Regelungen, wird schnell deutlich, dass Lobbyisten der Hundehalter\/innen \u00fcberall in den Recht setzenden Gremien ihre Spuren hinterlassen haben. Ein Beispiel sind die Regelungen im \u00f6ffentlichen Personen-Nahverkehr: die Preisgestaltung, Bevorzugung von Hundehalter\/innen sogar gegen\u00fcber Behinderten und die Umwerbung von Hundehalter\/innen. Geht es den Unternehmen \u00fcberhaupt noch um die <strong>Personen<\/strong>bef\u00f6rderung?<\/p>\n<h3>Die Preisgestaltung<\/h3>\n<table>\n<tbody>\n<tr>\n<td>\u00a0<\/td>\n<td colspan=\"3\" valign=\"top\">Preise (2015, AB) bei Mitnahme eines:<\/td>\n<\/tr>\n<tr>\n<td valign=\"top\">\u00a0<\/td>\n<td>Kindes<\/td>\n<td>Fahrrads<\/td>\n<td>Hundes<\/td>\n<\/tr>\n<tr>\n<td valign=\"top\">Bei Vorliegen<\/td>\n<td colspan=\"3\">\u00a0<\/td>\n<\/tr>\n<tr>\n<td>eines Einzelfahr-<br \/>scheins<\/td>\n<td>+ 1,70<\/td>\n<td>+ 1,80<\/td>\n<td>+ 1,70<\/td>\n<\/tr>\n<tr>\n<td>einer Tageskarte<\/td>\n<td>+ 1,70<\/td>\n<td>+ 1,80<\/td>\n<td>nichts<\/td>\n<\/tr>\n<tr>\n<td>einer Wochen-<br \/>oder Monatskarte<\/td>\n<td>+ 1,70<\/td>\n<td>+ 1,80<\/td>\n<td>nichts<\/td>\n<\/tr>\n<tr>\n<td colspan=\"4\">\u00a0<\/td>\n<\/tr>\n<tr>\n<td>Rauchen<\/td>\n<td colspan=\"3\" align=\"center\">15,00<\/td>\n<\/tr>\n<tr>\n<td>Fehlender Maulkorb<\/td>\n<td colspan=\"3\" align=\"center\">0,00<\/td>\n<\/tr>\n<\/tbody>\n<\/table>\n<p>Ber\u00fccksichtigt wurde jeweils die einmalige Mitnahme eines Kindes\/Fahrrads\/Hundes.<\/p>\n<ul>\n<li>Fahrr\u00e4der mitzunehmen kommt am teuersten.<\/li>\n<li>Hunde mitzunehmen ist zumeist preiswerter als ein Kind dabeizuhaben.<\/li>\n<li>Wer andere Fahrg\u00e4ste durch Rauchen bel\u00e4stigt, wird belangt. Wer gegen die Maulkorbpflicht verst\u00f6\u00dft, aber nicht.<\/li>\n<\/ul>\n<h3>Ein Blick \u00fcber den gro\u00dfen Teich<\/h3>\n<p>In <a href=\"http:\/\/web.mta.info\/nyct\/rules\/rules.htm\">New York City<\/a>\u00a0 m\u00fcssen alle Tiere \u2013 auch Hunde \u2013 in einem verschlossenen Beh\u00e4lter transportiert werden, und zwar unabh\u00e4ngig von ihrer Gr\u00f6\u00dfe. Der Beh\u00e4lter darf zudem andere Passagiere nicht st\u00f6ren. Wer seinem Hund keine Transportbox zumuten m\u00f6chte oder seinen 30 Kilo schweren Hund nicht die U-Bahn-Treppe hinunterschleppen will oder kann, muss das Tier zu Hause lassen oder ein Taxi nehmen. Wobei: Taxifahrer\/innen sind in NYC \u2013 wie auch in Berlin \u2013 nicht verpflichtet, Hunde zu transportieren. Einige Unternehmen haben sich aber hier wie dort auf den Transport von Hund und Halter\/in spezialisiert.<\/p>\n<p>W\u00e4re es in Berlin m\u00f6glich durchzusetzen, dass Hunde nur in Transportbeh\u00e4ltern mitgef\u00fchrt werden d\u00fcrfen? No Way! Die Maulkorbpflicht wird nicht kontrolliert und ein Versto\u00df sowieso nicht geahndet. Auch Busfahrer\/innen lassen Hunde ohne Maulkorb einsteigen. Vielfach laufen Hunde sogar unangeleint in den Bahnen herum, ohne dass jemand einschreitet.<\/p>\n<h3>Die Bevorzugung von Hundehalter\/innen<\/h3>\n<p>Nicht nur bei der Preisgestaltung sind Hundehalter\/innen privilegiert, sondern sogar gegen\u00fcber Rollstuhlfahrer\/innen und Fahrg\u00e4sten mit Kinderwagen. Wenn diese in einen vollen Zug oder Bus einsteigen wollen, m\u00fcssen Fahrg\u00e4ste mit Fahrr\u00e4dern Platz machen, Fahrg\u00e4ste mit Hunden aber nicht. Aus den <a href=\"https:\/\/www.s-bahn-berlin.de\/pdf\/vbbtarif_vbbtarif.pdf\">Bef\u00f6rderungsbedingungen<\/a>:<\/p>\n<ul>\n<li>\u00a7 11,1: \u201eWird der Platz f\u00fcr Krankenfahrst\u00fchle oder Kinderwagen ben\u00f6tigt, muss der Fahrgast mit dem Fahrrad das Verkehrsmittel verlassen. Ein Anspruch auf Erstattung des bereits gezahlten Bef\u00f6rderungsentgeltes besteht nicht.\u201c<\/li>\n<li>\u00a7 12,2: \u201eDar\u00fcber hinaus d\u00fcrfen gr\u00f6\u00dfere Hunde angeleint mitgenommen werden, wenn nach der Beurteilung des Betriebspersonals gen\u00fcgend Platz vorhanden ist.\u201c<\/li>\n<\/ul>\n<p>Die Bestimmungen zu den Radfahrer\/innen sind klar und eindeutig, die zu den Hundehalter\/innen dagegen windelweich. Es ist davon auszugehen, dass diese unterschiedlichen Formulierungen bewusst gew\u00e4hlt wurden und Hundehalter\/innen mit ihren Hunden zwar der Einstieg verweigert werden kann, sie aber nicht zum Aussteigen gezwungen werden k\u00f6nnen. Wer denkt sich nur so etwas aus?<\/p>\n<p>Aber wen interessieren schon die Bef\u00f6rderungsbedingungen? Die BVG zumindest wohl nicht, wie deren aktuelle Werbung mit einem Hund ohne Maulkorb auf dem Sitz zeigt.<\/p>\n<p><a href=\"http:\/\/bello-ade-in-park-und-see.de\/wp-content\/uploads\/2015\/11\/DSC0046_BVG_-Werbung.jpg\" rel=\"attachment wp-att-424\"><img loading=\"lazy\" decoding=\"async\" class=\"alignnone wp-image-424\" src=\"http:\/\/bello-ade-in-park-und-see.de\/wp-content\/uploads\/2015\/11\/DSC0046_BVG_-Werbung-225x300.jpg\" alt=\"DSC0046_BVG_-Werbung\" width=\"301\" height=\"401\" srcset=\"https:\/\/bello-ade-in-park-und-see.de\/wp-content\/uploads\/2015\/11\/DSC0046_BVG_-Werbung-225x300.jpg 225w, https:\/\/bello-ade-in-park-und-see.de\/wp-content\/uploads\/2015\/11\/DSC0046_BVG_-Werbung-768x1024.jpg 768w, https:\/\/bello-ade-in-park-und-see.de\/wp-content\/uploads\/2015\/11\/DSC0046_BVG_-Werbung.jpg 1536w\" sizes=\"auto, (max-width: 301px) 100vw, 301px\" \/><\/a><\/p>\n<p>Aus den Bef\u00f6rderungsbedingungen:<\/p>\n<ul>\n<li>\u00a7 12,2: \u201eHunde, die nicht in geeigneten Beh\u00e4ltnissen untergebracht sind, m\u00fcssen einen Maulkorb tragen.\u201c<\/li>\n<li>\u00a7 12,5: \u201eTiere d\u00fcrfen nicht auf Sitzpl\u00e4tzen untergebracht werden.\u201c<\/li>\n<\/ul>\n<p>Vielleicht sollte man \u201e\u00d6PNV\u201c in \u201e\u00d6HNV\u201c umtaufen: \u00d6ffentlicher Hunde-Nahverkehr. Es soll \u00fcbrigens Leute geben, die nicht f\u00fcr den Transport anderer Leute Hunde mitbezahlen wollen. Die meisten Hunde beanspruchen soviel Platz wie Erwachsene, manche auch mehr. W\u00e4ren die Grunewaldseen nicht so preiswert mit Hund zu erreichen, k\u00f6nnte es eine deutliche Entlastung geben: der Seen und des \u00d6PNV.<\/p>\n<\/div>\n<\/article>\n<\/div>\n<hr \/><\/div>\n<\/div>\n\n\n<p><strong>Erg\u00e4nzender Hinweis:<\/strong> Unsere Vorschl\u00e4ge zur Tarifreform v.  Februar 2018 finden  Sie unter:  <br><a href=\"http:\/\/bello-ade-in-park-und-see.de\/index.php\/neue-tarife-fuer-bvg-und-s-bahn-unsere-vorschlaege\/\">https:\/\/bello-ade-in-park-und-see.de\/index.php\/neue-tarife-fuer-bvg-und-s-bahn-unsere-vorschlaege\/<\/a> <br><\/p>\n","protected":false},"excerpt":{"rendered":"<p>PDF-Version Schaut man in die Details so mancher Regelungen, wird schnell deutlich, dass Lobbyisten der Hundehalter\/innen \u00fcberall in den Recht setzenden Gremien ihre Spuren hinterlassen haben. Ein Beispiel sind die Regelungen im \u00f6ffentlichen Personen-Nahverkehr: die Preisgestaltung, Bevorzugung von Hundehalter\/innen sogar &hellip; <a href=\"https:\/\/bello-ade-in-park-und-see.de\/index.php\/nahverkehr-in-berlin\/\">Weiterlesen <span class=\"meta-nav\">&rarr;<\/span><\/a><\/p>\n","protected":false},"author":3,"featured_media":0,"parent":0,"menu_order":0,"comment_status":"closed","ping_status":"closed","template":"full-width-page.php","meta":{"footnotes":""},"class_list":["post-292","page","type-page","status-publish","hentry"],"_links":{"self":[{"href":"https:\/\/bello-ade-in-park-und-see.de\/index.php\/wp-json\/wp\/v2\/pages\/292","targetHints":{"allow":["GET"]}}],"collection":[{"href":"https:\/\/bello-ade-in-park-und-see.de\/index.php\/wp-json\/wp\/v2\/pages"}],"about":[{"href":"https:\/\/bello-ade-in-park-und-see.de\/index.php\/wp-json\/wp\/v2\/types\/page"}],"author":[{"embeddable":true,"href":"https:\/\/bello-ade-in-park-und-see.de\/index.php\/wp-json\/wp\/v2\/users\/3"}],"replies":[{"embeddable":true,"href":"https:\/\/bello-ade-in-park-und-see.de\/index.php\/wp-json\/wp\/v2\/comments?post=292"}],"version-history":[{"count":17,"href":"https:\/\/bello-ade-in-park-und-see.de\/index.php\/wp-json\/wp\/v2\/pages\/292\/revisions"}],"predecessor-version":[{"id":801,"href":"https:\/\/bello-ade-in-park-und-see.de\/index.php\/wp-json\/wp\/v2\/pages\/292\/revisions\/801"}],"wp:attachment":[{"href":"https:\/\/bello-ade-in-park-und-see.de\/index.php\/wp-json\/wp\/v2\/media?parent=292"}],"curies":[{"name":"wp","href":"https:\/\/api.w.org\/{rel}","templated":true}]}}

Öffentlicher Personen-Nahverkehr in Berlin

<div id="wrap">
<div id="main">
<div id="content">
<article id="post-289" class="post-289 post type-post status-draft format-standard hentry category-uncategorized">
<div class="single-entry-content">
<p style="text-align: right;"><a href="http://bello-ade-in-park-und-see.de/wp-content/uploads/2015/11/ÖPNV-in-Berlin.pdf">PDF-Version</a></p>
<p>Schaut man in die Details so mancher Regelungen, wird schnell deutlich, dass Lobbyisten der Hundehalter/innen überall in den Recht setzenden Gremien ihre Spuren hinterlassen haben. Ein Beispiel sind die Regelungen im öffentlichen Personen-Nahverkehr: die Preisgestaltung, Bevorzugung von Hundehalter/innen sogar gegenüber Behinderten und die Umwerbung von Hundehalter/innen. Geht es den Unternehmen überhaupt noch um die <strong>Personen</strong>beförderung?</p>
<h3>Die Preisgestaltung</h3>
<table>
<tbody>
<tr>
<td> </td>
<td colspan="3" valign="top">Preise (2015, AB) bei Mitnahme eines:</td>
</tr>
<tr>
<td valign="top"> </td>
<td>Kindes</td>
<td>Fahrrads</td>
<td>Hundes</td>
</tr>
<tr>
<td valign="top">Bei Vorliegen</td>
<td colspan="3"> </td>
</tr>
<tr>
<td>eines Einzelfahr-<br />scheins</td>
<td>+ 1,70</td>
<td>+ 1,80</td>
<td>+ 1,70</td>
</tr>
<tr>
<td>einer Tageskarte</td>
<td>+ 1,70</td>
<td>+ 1,80</td>
<td>nichts</td>
</tr>
<tr>
<td>einer Wochen-<br />oder Monatskarte</td>
<td>+ 1,70</td>
<td>+ 1,80</td>
<td>nichts</td>
</tr>
<tr>
<td colspan="4"> </td>
</tr>
<tr>
<td>Rauchen</td>
<td colspan="3" align="center">15,00</td>
</tr>
<tr>
<td>Fehlender Maulkorb</td>
<td colspan="3" align="center">0,00</td>
</tr>
</tbody>
</table>
<p>Berücksichtigt wurde jeweils die einmalige Mitnahme eines Kindes/Fahrrads/Hundes.</p>
<ul>
<li>Fahrräder mitzunehmen kommt am teuersten.</li>
<li>Hunde mitzunehmen ist zumeist preiswerter als ein Kind dabeizuhaben.</li>
<li>Wer andere Fahrgäste durch Rauchen belästigt, wird belangt. Wer gegen die Maulkorbpflicht verstößt, aber nicht.</li>
</ul>
<h3>Ein Blick über den großen Teich</h3>
<p>In <a href="http://web.mta.info/nyct/rules/rules.htm">New York City</a>  müssen alle Tiere – auch Hunde – in einem verschlossenen Behälter transportiert werden, und zwar unabhängig von ihrer Größe. Der Behälter darf zudem andere Passagiere nicht stören. Wer seinem Hund keine Transportbox zumuten möchte oder seinen 30 Kilo schweren Hund nicht die U-Bahn-Treppe hinunterschleppen will oder kann, muss das Tier zu Hause lassen oder ein Taxi nehmen. Wobei: Taxifahrer/innen sind in NYC – wie auch in Berlin – nicht verpflichtet, Hunde zu transportieren. Einige Unternehmen haben sich aber hier wie dort auf den Transport von Hund und Halter/in spezialisiert.</p>
<p>Wäre es in Berlin möglich durchzusetzen, dass Hunde nur in Transportbehältern mitgeführt werden dürfen? No Way! Die Maulkorbpflicht wird nicht kontrolliert und ein Verstoß sowieso nicht geahndet. Auch Busfahrer/innen lassen Hunde ohne Maulkorb einsteigen. Vielfach laufen Hunde sogar unangeleint in den Bahnen herum, ohne dass jemand einschreitet.</p>
<h3>Die Bevorzugung von Hundehalter/innen</h3>
<p>Nicht nur bei der Preisgestaltung sind Hundehalter/innen privilegiert, sondern sogar gegenüber Rollstuhlfahrer/innen und Fahrgästen mit Kinderwagen. Wenn diese in einen vollen Zug oder Bus einsteigen wollen, müssen Fahrgäste mit Fahrrädern Platz machen, Fahrgäste mit Hunden aber nicht. Aus den <a href="https://www.s-bahn-berlin.de/pdf/vbbtarif_vbbtarif.pdf">Beförderungsbedingungen</a>:</p>
<ul>
<li>§ 11,1: „Wird der Platz für Krankenfahrstühle oder Kinderwagen benötigt, muss der Fahrgast mit dem Fahrrad das Verkehrsmittel verlassen. Ein Anspruch auf Erstattung des bereits gezahlten Beförderungsentgeltes besteht nicht.“</li>
<li>§ 12,2: „Darüber hinaus dürfen größere Hunde angeleint mitgenommen werden, wenn nach der Beurteilung des Betriebspersonals genügend Platz vorhanden ist.“</li>
</ul>
<p>Die Bestimmungen zu den Radfahrer/innen sind klar und eindeutig, die zu den Hundehalter/innen dagegen windelweich. Es ist davon auszugehen, dass diese unterschiedlichen Formulierungen bewusst gewählt wurden und Hundehalter/innen mit ihren Hunden zwar der Einstieg verweigert werden kann, sie aber nicht zum Aussteigen gezwungen werden können. Wer denkt sich nur so etwas aus?</p>
<p>Aber wen interessieren schon die Beförderungsbedingungen? Die BVG zumindest wohl nicht, wie deren aktuelle Werbung mit einem Hund ohne Maulkorb auf dem Sitz zeigt.</p>
<p><a href="http://bello-ade-in-park-und-see.de/wp-content/uploads/2015/11/DSC0046_BVG_-Werbung.jpg" rel="attachment wp-att-424"><img loading="lazy" decoding="async" class="alignnone wp-image-424" src="http://bello-ade-in-park-und-see.de/wp-content/uploads/2015/11/DSC0046_BVG_-Werbung-225x300.jpg" alt="DSC0046_BVG_-Werbung" width="301" height="401" srcset="https://bello-ade-in-park-und-see.de/wp-content/uploads/2015/11/DSC0046_BVG_-Werbung-225x300.jpg 225w, https://bello-ade-in-park-und-see.de/wp-content/uploads/2015/11/DSC0046_BVG_-Werbung-768x1024.jpg 768w, https://bello-ade-in-park-und-see.de/wp-content/uploads/2015/11/DSC0046_BVG_-Werbung.jpg 1536w" sizes="auto, (max-width: 301px) 100vw, 301px" /></a></p>
<p>Aus den Beförderungsbedingungen:</p>
<ul>
<li>§ 12,2: „Hunde, die nicht in geeigneten Behältnissen untergebracht sind, müssen einen Maulkorb tragen.“</li>
<li>§ 12,5: „Tiere dürfen nicht auf Sitzplätzen untergebracht werden.“</li>
</ul>
<p>Vielleicht sollte man „ÖPNV“ in „ÖHNV“ umtaufen: Öffentlicher Hunde-Nahverkehr. Es soll übrigens Leute geben, die nicht für den Transport anderer Leute Hunde mitbezahlen wollen. Die meisten Hunde beanspruchen soviel Platz wie Erwachsene, manche auch mehr. Wären die Grunewaldseen nicht so preiswert mit Hund zu erreichen, könnte es eine deutliche Entlastung geben: der Seen und des ÖPNV.</p>
</div>
</article>
</div>
<hr /></div>
</div>


<p><strong>Ergänzender Hinweis:</strong> Unsere Vorschläge zur Tarifreform v.  Februar 2018 finden  Sie unter:  <br><a href="http://bello-ade-in-park-und-see.de/index.php/neue-tarife-fuer-bvg-und-s-bahn-unsere-vorschlaege/">https://bello-ade-in-park-und-see.de/index.php/neue-tarife-fuer-bvg-und-s-bahn-unsere-vorschlaege/</a> <br></p>

<p>PDF-Version Schaut man in die Details so mancher Regelungen, wird schnell deutlich, dass Lobbyisten der Hundehalter/innen überall in den Recht setzenden Gremien ihre Spuren hinterlassen haben. Ein Beispiel sind die Regelungen im öffentlichen Personen-Nahverkehr: die Preisgestaltung, Bevorzugung von Hundehalter/innen sogar &hellip; <a href="https://bello-ade-in-park-und-see.de/index.php/nahverkehr-in-berlin/">Weiterlesen <span class="meta-nav">&rarr;</span></a></p>
