{"id":367,"date":"2016-01-10T11:42:03","date_gmt":"2016-01-10T11:42:03","guid":{"rendered":"http:\/\/bello-ade-in-park-und-see.de\/?page_id=367"},"modified":"2016-05-06T22:14:23","modified_gmt":"2016-05-06T22:14:23","slug":"mail-an-die-abgeordneten","status":"publish","type":"page","link":"https:\/\/bello-ade-in-park-und-see.de\/index.php\/mail-an-die-abgeordneten\/","title":{"rendered":"Bitte das Hundeverbot am Schlachtensee und an der Krummen Lanke beibehalten!"},"content":{"rendered":"<p style=\"text-align: right;\"><a href=\"http:\/\/bello-ade-in-park-und-see.de\/wp-content\/uploads\/2016\/01\/Mail-an-Abgeordnete_2.pdf\">PDF-Version<\/a><\/p>\n<p>9. Januar 2016<\/p>\n<p>Sehr geehrte Abgeordnete,<\/p>\n<p>k\u00fcrzlich hat das Verwaltungsgericht das Hundeverbot auf den Uferwegen des Schlachtensees und der Krummen Lanke f\u00fcr unrechtm\u00e4\u00dfig erkl\u00e4rt. Obwohl das Urteil noch nicht rechtskr\u00e4ftig ist, sind bereits jetzt die alten Verh\u00e4ltnisse wieder eingekehrt: unangeleinte Hunde auch an den Badestellen, Hunde, die ihre Notdurft \u00fcberall verrichten, Wildtiere jagen, L\u00f6cher buddeln, Baumwurzeln freilegen und so Abh\u00e4nge ins Rutschen bringen. Selbst Hunde als gef\u00e4hrlich gelisteter Rassen werden dort ohne Leine und Maulkorb ausgef\u00fchrt.<\/p>\n<p>Wir halten das Urteil f\u00fcr wirklichkeitsfremd weil selbst angeleinte Hunde nicht von den Badestellen im engeren Sinne ferngehalten werden k\u00f6nnen (s. Foto). Vor allem bezog sich die Verhandlung ausschlie\u00dflich auf das Hundegesetz und Aspekte des Natur-, Gesundheits- und Gew\u00e4sserschutzes blieben unber\u00fccksichtigt. Wie die jetzigen Verh\u00e4ltnisse zeigen, sind saisonale Kompromisse keine L\u00f6sung.<\/p>\n<div id=\"attachment_330\" style=\"width: 810px\" class=\"wp-caption alignnone\"><a href=\"http:\/\/bello-ade-in-park-und-see.de\/wp-content\/uploads\/2015\/12\/DSC00419_Weg_Schwangere_pixel_klein.jpg\"><img loading=\"lazy\" decoding=\"async\" aria-describedby=\"caption-attachment-330\" class=\"wp-image-330 size-full\" src=\"http:\/\/bello-ade-in-park-und-see.de\/wp-content\/uploads\/2015\/12\/DSC00419_Weg_Schwangere_pixel_klein.jpg\" alt=\"Bald wieder Hundeauslaufgebiet?\" width=\"800\" height=\"600\" srcset=\"https:\/\/bello-ade-in-park-und-see.de\/wp-content\/uploads\/2015\/12\/DSC00419_Weg_Schwangere_pixel_klein.jpg 800w, https:\/\/bello-ade-in-park-und-see.de\/wp-content\/uploads\/2015\/12\/DSC00419_Weg_Schwangere_pixel_klein-300x225.jpg 300w\" sizes=\"auto, (max-width: 800px) 100vw, 800px\" \/><\/a><p id=\"caption-attachment-330\" class=\"wp-caption-text\">Bald wieder Hundeauslaufgebiet?<\/p><\/div>\n<p>Wir pl\u00e4dieren daf\u00fcr, den Bezirken das Recht zuzusprechen, hundefreie Areale auszuweisen um so langfristig eine unanfechtbare Rechtsgrundlage zu schaffen. Auch an manchen anderen Orten w\u00e4re u.E. ein Hundeverbot notwendig, z.B. Orte, die stark frequentiert werden, wo Kinder spielen oder Schutz vor Hundegebell angebracht ist. Geschehen k\u00f6nnte dies bspw. in der Neufassung des Hundegesetzes. Einstweilen sollte u.E. die M\u00f6glichkeit einer Berufung genutzt werden, zumal der Begriff \u201eBadestelle\u201c \u2013 wie der Vorsitzende Richter ausf\u00fchrte \u2013 in der juristischen Literatur nicht definiert ist und vom Oberverwaltungsgericht ganz anders interpretiert werden k\u00f6nnte. Es sind einfach zu viele Hunde an den Seen. Bitte treten Sie daf\u00fcr ein, dass<\/p>\n<ul>\n<li>Badende und Spazierg\u00e4nger\/innen und alle, die in der Natur Erholung finden wollen, nicht durch eine \u00dcberzahl an Hunden bel\u00e4stigt werden<\/li>\n<li>Familien mit kleinen Kindern sowie Alte und Gebrechliche nicht von Hunden und ihren Halter\/innen vertrieben werden<\/li>\n<li>keine hochgradig gesundheitsgef\u00e4hrdenden Eier des Hundespulwurms die Badestellen verseuchen<\/li>\n<li>es an den Seen keinen Hundekot mehr gibt, der nicht nur stinkt, sondern bei Starkregen ins ufernahe Wasser gesp\u00fclt wird und dieses u.a. mit Kolibakterien verunreinigt<\/li>\n<li>\u00f6ffentliche Erholungsr\u00e4ume von Uringestank verschont bleiben<\/li>\n<li>Wildtiere wie u.a. Enten, Schw\u00e4ne, Fischreiher und z.T. auch streng gesch\u00fctzte Vogelarten wie der Kuckuck sich an den Seen ungef\u00e4hrdet aufhalten und br\u00fcten k\u00f6nnen<\/li>\n<\/ul>\n<p>Das Gleiche gilt sinngem\u00e4\u00df f\u00fcr andere \u00f6ffentliche Gr\u00fcnanlagen und Parks. Auch dort haben Hundehalter\/innen vielerorts die Wiesen und Anpflanzungen mit ihren Tieren in Beschlag genommen und z.B. Kindergartengruppen verdr\u00e4ngt.<\/p>\n<p>Die Bev\u00f6lkerungszahl Berlins w\u00e4chst rapide. Umso mehr sollte darauf geachtet werden, dass \u00f6ffentliche Erholungsfl\u00e4chen vorrangig den Menschen zur Verf\u00fcgung stehen. Der Grunewaldsee ist bereits zur Hundekloake verkommen. Bitte lassen Sie nicht zu, dass derartige Verh\u00e4ltnisse auch an der Krummen Lanke und am Schlachtensee einkehren.<\/p>\n<p>Manche d\u00fcrften die n\u00e4chsten Wahlen im Blick haben und die Stimmen der Hundehalter\/innen nicht missen wollen. Befragungen aus den letzten Monaten jedoch zeigen, dass ein erheblicher Teil der Bev\u00f6lkerung sich durch die stark gestiegene Zahl der Hunde und das Verhalten von Hundehalter\/innen beeintr\u00e4chtigt f\u00fchlt. Eine Zusammenstellung der Befragungen finden Sie unter: <a href=\"http:\/\/bello-ade-in-park-und-see.de\/index.php\/was-meint-die-bevoelkerung-zum-hunde-mitnahmeverbot\/\">http:\/\/bello-ade-in-park-und-see.de\/index.php\/was-meint-die-bevoelkerung-zum-hunde-mitnahmeverbot\/<\/a>.<\/p>\n<p>Mit freundlichen Gr\u00fc\u00dfen<br \/>\nund den besten W\u00fcnschen f\u00fcr das neue Jahr!<\/p>\n<p>Ihre BI<\/p>\n<p>bello ade in park und see<\/p>\n","protected":false},"excerpt":{"rendered":"<p>PDF-Version 9. Januar 2016 Sehr geehrte Abgeordnete, k\u00fcrzlich hat das Verwaltungsgericht das Hundeverbot auf den Uferwegen des Schlachtensees und der Krummen Lanke f\u00fcr unrechtm\u00e4\u00dfig erkl\u00e4rt. Obwohl das Urteil noch nicht rechtskr\u00e4ftig ist, sind bereits jetzt die alten Verh\u00e4ltnisse wieder eingekehrt: &hellip; <a href=\"https:\/\/bello-ade-in-park-und-see.de\/index.php\/mail-an-die-abgeordneten\/\">Weiterlesen <span class=\"meta-nav\">&rarr;<\/span><\/a><\/p>\n","protected":false},"author":3,"featured_media":0,"parent":0,"menu_order":0,"comment_status":"closed","ping_status":"closed","template":"full-width-page.php","meta":{"footnotes":""},"class_list":["post-367","page","type-page","status-publish","hentry"],"_links":{"self":[{"href":"https:\/\/bello-ade-in-park-und-see.de\/index.php\/wp-json\/wp\/v2\/pages\/367","targetHints":{"allow":["GET"]}}],"collection":[{"href":"https:\/\/bello-ade-in-park-und-see.de\/index.php\/wp-json\/wp\/v2\/pages"}],"about":[{"href":"https:\/\/bello-ade-in-park-und-see.de\/index.php\/wp-json\/wp\/v2\/types\/page"}],"author":[{"embeddable":true,"href":"https:\/\/bello-ade-in-park-und-see.de\/index.php\/wp-json\/wp\/v2\/users\/3"}],"replies":[{"embeddable":true,"href":"https:\/\/bello-ade-in-park-und-see.de\/index.php\/wp-json\/wp\/v2\/comments?post=367"}],"version-history":[{"count":18,"href":"https:\/\/bello-ade-in-park-und-see.de\/index.php\/wp-json\/wp\/v2\/pages\/367\/revisions"}],"predecessor-version":[{"id":504,"href":"https:\/\/bello-ade-in-park-und-see.de\/index.php\/wp-json\/wp\/v2\/pages\/367\/revisions\/504"}],"wp:attachment":[{"href":"https:\/\/bello-ade-in-park-und-see.de\/index.php\/wp-json\/wp\/v2\/media?parent=367"}],"curies":[{"name":"wp","href":"https:\/\/api.w.org\/{rel}","templated":true}]}}

<p style="text-align: right;"><a href="http://bello-ade-in-park-und-see.de/wp-content/uploads/2016/01/Mail-an-Abgeordnete_2.pdf">PDF-Version</a></p>
<p>9. Januar 2016</p>
<p>Sehr geehrte Abgeordnete,</p>
<p>kürzlich hat das Verwaltungsgericht das Hundeverbot auf den Uferwegen des Schlachtensees und der Krummen Lanke für unrechtmäßig erklärt. Obwohl das Urteil noch nicht rechtskräftig ist, sind bereits jetzt die alten Verhältnisse wieder eingekehrt: unangeleinte Hunde auch an den Badestellen, Hunde, die ihre Notdurft überall verrichten, Wildtiere jagen, Löcher buddeln, Baumwurzeln freilegen und so Abhänge ins Rutschen bringen. Selbst Hunde als gefährlich gelisteter Rassen werden dort ohne Leine und Maulkorb ausgeführt.</p>
<p>Wir halten das Urteil für wirklichkeitsfremd weil selbst angeleinte Hunde nicht von den Badestellen im engeren Sinne ferngehalten werden können (s. Foto). Vor allem bezog sich die Verhandlung ausschließlich auf das Hundegesetz und Aspekte des Natur-, Gesundheits- und Gewässerschutzes blieben unberücksichtigt. Wie die jetzigen Verhältnisse zeigen, sind saisonale Kompromisse keine Lösung.</p>
<div id="attachment_330" style="width: 810px" class="wp-caption alignnone"><a href="http://bello-ade-in-park-und-see.de/wp-content/uploads/2015/12/DSC00419_Weg_Schwangere_pixel_klein.jpg"><img loading="lazy" decoding="async" aria-describedby="caption-attachment-330" class="wp-image-330 size-full" src="http://bello-ade-in-park-und-see.de/wp-content/uploads/2015/12/DSC00419_Weg_Schwangere_pixel_klein.jpg" alt="Bald wieder Hundeauslaufgebiet?" width="800" height="600" srcset="https://bello-ade-in-park-und-see.de/wp-content/uploads/2015/12/DSC00419_Weg_Schwangere_pixel_klein.jpg 800w, https://bello-ade-in-park-und-see.de/wp-content/uploads/2015/12/DSC00419_Weg_Schwangere_pixel_klein-300x225.jpg 300w" sizes="auto, (max-width: 800px) 100vw, 800px" /></a><p id="caption-attachment-330" class="wp-caption-text">Bald wieder Hundeauslaufgebiet?</p></div>
<p>Wir plädieren dafür, den Bezirken das Recht zuzusprechen, hundefreie Areale auszuweisen um so langfristig eine unanfechtbare Rechtsgrundlage zu schaffen. Auch an manchen anderen Orten wäre u.E. ein Hundeverbot notwendig, z.B. Orte, die stark frequentiert werden, wo Kinder spielen oder Schutz vor Hundegebell angebracht ist. Geschehen könnte dies bspw. in der Neufassung des Hundegesetzes. Einstweilen sollte u.E. die Möglichkeit einer Berufung genutzt werden, zumal der Begriff „Badestelle“ – wie der Vorsitzende Richter ausführte – in der juristischen Literatur nicht definiert ist und vom Oberverwaltungsgericht ganz anders interpretiert werden könnte. Es sind einfach zu viele Hunde an den Seen. Bitte treten Sie dafür ein, dass</p>
<ul>
<li>Badende und Spaziergänger/innen und alle, die in der Natur Erholung finden wollen, nicht durch eine Überzahl an Hunden belästigt werden</li>
<li>Familien mit kleinen Kindern sowie Alte und Gebrechliche nicht von Hunden und ihren Halter/innen vertrieben werden</li>
<li>keine hochgradig gesundheitsgefährdenden Eier des Hundespulwurms die Badestellen verseuchen</li>
<li>es an den Seen keinen Hundekot mehr gibt, der nicht nur stinkt, sondern bei Starkregen ins ufernahe Wasser gespült wird und dieses u.a. mit Kolibakterien verunreinigt</li>
<li>öffentliche Erholungsräume von Uringestank verschont bleiben</li>
<li>Wildtiere wie u.a. Enten, Schwäne, Fischreiher und z.T. auch streng geschützte Vogelarten wie der Kuckuck sich an den Seen ungefährdet aufhalten und brüten können</li>
</ul>
<p>Das Gleiche gilt sinngemäß für andere öffentliche Grünanlagen und Parks. Auch dort haben Hundehalter/innen vielerorts die Wiesen und Anpflanzungen mit ihren Tieren in Beschlag genommen und z.B. Kindergartengruppen verdrängt.</p>
<p>Die Bevölkerungszahl Berlins wächst rapide. Umso mehr sollte darauf geachtet werden, dass öffentliche Erholungsflächen vorrangig den Menschen zur Verfügung stehen. Der Grunewaldsee ist bereits zur Hundekloake verkommen. Bitte lassen Sie nicht zu, dass derartige Verhältnisse auch an der Krummen Lanke und am Schlachtensee einkehren.</p>
<p>Manche dürften die nächsten Wahlen im Blick haben und die Stimmen der Hundehalter/innen nicht missen wollen. Befragungen aus den letzten Monaten jedoch zeigen, dass ein erheblicher Teil der Bevölkerung sich durch die stark gestiegene Zahl der Hunde und das Verhalten von Hundehalter/innen beeinträchtigt fühlt. Eine Zusammenstellung der Befragungen finden Sie unter: <a href="http://bello-ade-in-park-und-see.de/index.php/was-meint-die-bevoelkerung-zum-hunde-mitnahmeverbot/">http://bello-ade-in-park-und-see.de/index.php/was-meint-die-bevoelkerung-zum-hunde-mitnahmeverbot/</a>.</p>
<p>Mit freundlichen Grüßen<br />
und den besten Wünschen für das neue Jahr!</p>
<p>Ihre BI</p>
<p>bello ade in park und see</p>

<p>PDF-Version 9. Januar 2016 Sehr geehrte Abgeordnete, kürzlich hat das Verwaltungsgericht das Hundeverbot auf den Uferwegen des Schlachtensees und der Krummen Lanke für unrechtmäßig erklärt. Obwohl das Urteil noch nicht rechtskräftig ist, sind bereits jetzt die alten Verhältnisse wieder eingekehrt: &hellip; <a href="https://bello-ade-in-park-und-see.de/index.php/mail-an-die-abgeordneten/">Weiterlesen <span class="meta-nav">&rarr;</span></a></p>
