{"id":452,"date":"2016-04-19T10:11:21","date_gmt":"2016-04-19T10:11:21","guid":{"rendered":"http:\/\/bello-ade-in-park-und-see.de\/?page_id=452"},"modified":"2016-04-19T10:47:45","modified_gmt":"2016-04-19T10:47:45","slug":"452-2","status":"publish","type":"page","link":"https:\/\/bello-ade-in-park-und-see.de\/index.php\/452-2\/","title":{"rendered":"Bezirke sollen hundefreie Zonen einrichten d\u00fcrfen &#8211; Senat greift unsere Idee auf"},"content":{"rendered":"<p style=\"text-align: right;\"><a href=\"http:\/\/bello-ade-in-park-und-see.de\/wp-content\/uploads\/2016\/04\/Bezirke-sollen-hundefreie-Zonen-einrichten-d\u00fcrfen.pdf\">PDF-Version<\/a><\/p>\n<p>Die Berliner Koalitionsparteien haben sich nunmehr darauf verst\u00e4ndigt, dass im anstehenden neuen Hundegesetz die Bezirke das Recht erhalten sollen, hundefreie Zonen einzurichten. Ausl\u00f6ser war der Streit um das Hundeverbot am Schlachtensee und an der Krummen Lanke und das Scheitern des Verbots vorm Verwaltungsgericht. Doch es geht nicht nur um die Ufer von Badeseen, sondern auch um Pl\u00e4tze, wo Kinder spielen oder wo Hundegebell st\u00f6rt, etwa in der N\u00e4he von Krankenh\u00e4usern, Schulen oder Pflegeheimen. Dar\u00fcber, wo ein Hundeverbot n\u00f6tig ist, k\u00f6nnen die Bezirke am ehesten entscheiden.<\/p>\n<p>Wir freuen uns sehr, dass diese <a href=\"http:\/\/bello-ade-in-park-und-see.de\/index.php\/hundegesetz\/\">von uns in die Diskussion eingebrachte Idee<\/a> aufgegriffen wurde!<\/p>\n<p>Mangels eines brauchbaren Gesetzes war das im Dezember 2015 vorm Verwaltungsgericht gescheiterte Hundeverbot quasi \u201eum die Ecke\u201c begr\u00fcndet worden: Die zust\u00e4ndigen \u00c4mter (Bezirksamt und Landesforstamt) bezogen sich auf das Hundegesetz, das die Mitnahme von Hunden an Badestellen untersagt, und erkl\u00e4rten die Uferwege kurzerhand zum Bestandteil der Badestellen. <a href=\"http:\/\/bello-ade-in-park-und-see.de\/index.php\/verwaltungsgericht-berlin-hunde-duerfen-an-die-seen-ein-wirklichkeitsfremdes-urteil\/\">Das Gericht aber meinte<\/a>, Spazierwege seien keine Badestellen.<u><br \/>\n<\/u><\/p>\n<p>Das neuerliche, seit dem 15. April geltende Hundeverbot wird mit dem Gr\u00fcnanlagen- und dem Landeswaldgesetz begr\u00fcndet. Es steht zu bef\u00fcrchten, dass dieses Verbot ebenfalls vor Gericht landen wird. Frank Kuehn, Kopf der B\u00fcrgerinitiative \u201ehundeamschlachtensee\u201c, hat bereits angek\u00fcndigt, dass er klagen werde. Zwar meinen wir, dass diese beiden Gesetze das Hundeverbot allemal rechtfertigen, aber man wei\u00df ja nie \u2026 Eine eindeutige gesetzliche Regelung ist \u00fcberf\u00e4llig.<\/p>\n<p>19.4.2016<\/p>\n<p>&nbsp;<\/p>\n","protected":false},"excerpt":{"rendered":"<p>PDF-Version Die Berliner Koalitionsparteien haben sich nunmehr darauf verst\u00e4ndigt, dass im anstehenden neuen Hundegesetz die Bezirke das Recht erhalten sollen, hundefreie Zonen einzurichten. Ausl\u00f6ser war der Streit um das Hundeverbot am Schlachtensee und an der Krummen Lanke und das Scheitern &hellip; <a href=\"https:\/\/bello-ade-in-park-und-see.de\/index.php\/452-2\/\">Weiterlesen <span class=\"meta-nav\">&rarr;<\/span><\/a><\/p>\n","protected":false},"author":3,"featured_media":0,"parent":0,"menu_order":0,"comment_status":"closed","ping_status":"closed","template":"full-width-page.php","meta":{"footnotes":""},"class_list":["post-452","page","type-page","status-publish","hentry"],"_links":{"self":[{"href":"https:\/\/bello-ade-in-park-und-see.de\/index.php\/wp-json\/wp\/v2\/pages\/452","targetHints":{"allow":["GET"]}}],"collection":[{"href":"https:\/\/bello-ade-in-park-und-see.de\/index.php\/wp-json\/wp\/v2\/pages"}],"about":[{"href":"https:\/\/bello-ade-in-park-und-see.de\/index.php\/wp-json\/wp\/v2\/types\/page"}],"author":[{"embeddable":true,"href":"https:\/\/bello-ade-in-park-und-see.de\/index.php\/wp-json\/wp\/v2\/users\/3"}],"replies":[{"embeddable":true,"href":"https:\/\/bello-ade-in-park-und-see.de\/index.php\/wp-json\/wp\/v2\/comments?post=452"}],"version-history":[{"count":7,"href":"https:\/\/bello-ade-in-park-und-see.de\/index.php\/wp-json\/wp\/v2\/pages\/452\/revisions"}],"predecessor-version":[{"id":466,"href":"https:\/\/bello-ade-in-park-und-see.de\/index.php\/wp-json\/wp\/v2\/pages\/452\/revisions\/466"}],"wp:attachment":[{"href":"https:\/\/bello-ade-in-park-und-see.de\/index.php\/wp-json\/wp\/v2\/media?parent=452"}],"curies":[{"name":"wp","href":"https:\/\/api.w.org\/{rel}","templated":true}]}}