{"id":46,"date":"2015-10-03T10:12:27","date_gmt":"2015-10-03T10:12:27","guid":{"rendered":"http:\/\/bello-ade.bplaced.net\/?page_id=46"},"modified":"2019-04-25T18:53:13","modified_gmt":"2019-04-25T18:53:13","slug":"uber-uns","status":"publish","type":"page","link":"https:\/\/bello-ade-in-park-und-see.de\/index.php\/uber-uns\/","title":{"rendered":"\u00dcber uns"},"content":{"rendered":"<p>Die Diskussion um das Hundemitnahmeverbot auf den Uferwegen des Schlachtensees und der Krummen Lanke im Jahr 2015 waren f\u00fcr uns Anlass, uns zusammenzutun. W\u00e4hrend die Kritiker*innen des Mitnahmeverbots organisiert waren und ihre Interessen mit Klagen beim Verwaltungsgericht, Demonstrationen, Petition, B\u00fcrgerbegehren und so fort versuchten durchzusetzen, fehlte eine solche Organisation auf Seiten der Bef\u00fcrworte*innen; deren Interessen drohten unterzugehen. Aus dem Blick geriet derweil auch, dass es an Berliner Seen und in Parks zahlreiche Sch\u00e4den gibt, die durch eine \u00dcber- und Fehlnutzung verursacht werden. Die Hundehaltung hat in Berlin \u00fcberhandgenommen, was zur Konkurrenz zwischen Menschen und Hunden um die Nutzung jeglichen \u00f6ffentlichen Raums f\u00fchrt. Angesichts des rasanten Bev\u00f6lkerungszuwachses in Berlin werden diese Probleme noch zunehmen.<\/p>\n","protected":false},"excerpt":{"rendered":"<p>Die Diskussion um das Hundemitnahmeverbot auf den Uferwegen des Schlachtensees und der Krummen Lanke im Jahr 2015 waren f\u00fcr uns Anlass, uns zusammenzutun. W\u00e4hrend die Kritiker*innen des Mitnahmeverbots organisiert waren und ihre Interessen mit Klagen beim Verwaltungsgericht, Demonstrationen, Petition, B\u00fcrgerbegehren &hellip; <a href=\"https:\/\/bello-ade-in-park-und-see.de\/index.php\/uber-uns\/\">Weiterlesen <span class=\"meta-nav\">&rarr;<\/span><\/a><\/p>\n","protected":false},"author":3,"featured_media":0,"parent":0,"menu_order":0,"comment_status":"closed","ping_status":"closed","template":"full-width-page.php","meta":{"footnotes":""},"class_list":["post-46","page","type-page","status-publish","hentry"],"_links":{"self":[{"href":"https:\/\/bello-ade-in-park-und-see.de\/index.php\/wp-json\/wp\/v2\/pages\/46","targetHints":{"allow":["GET"]}}],"collection":[{"href":"https:\/\/bello-ade-in-park-und-see.de\/index.php\/wp-json\/wp\/v2\/pages"}],"about":[{"href":"https:\/\/bello-ade-in-park-und-see.de\/index.php\/wp-json\/wp\/v2\/types\/page"}],"author":[{"embeddable":true,"href":"https:\/\/bello-ade-in-park-und-see.de\/index.php\/wp-json\/wp\/v2\/users\/3"}],"replies":[{"embeddable":true,"href":"https:\/\/bello-ade-in-park-und-see.de\/index.php\/wp-json\/wp\/v2\/comments?post=46"}],"version-history":[{"count":10,"href":"https:\/\/bello-ade-in-park-und-see.de\/index.php\/wp-json\/wp\/v2\/pages\/46\/revisions"}],"predecessor-version":[{"id":703,"href":"https:\/\/bello-ade-in-park-und-see.de\/index.php\/wp-json\/wp\/v2\/pages\/46\/revisions\/703"}],"wp:attachment":[{"href":"https:\/\/bello-ade-in-park-und-see.de\/index.php\/wp-json\/wp\/v2\/media?parent=46"}],"curies":[{"name":"wp","href":"https:\/\/api.w.org\/{rel}","templated":true}]}}

Über uns

<p>Die Diskussion um das Hundemitnahmeverbot auf den Uferwegen des Schlachtensees und der Krummen Lanke im Jahr 2015 waren für uns Anlass, uns zusammenzutun. Während die Kritiker*innen des Mitnahmeverbots organisiert waren und ihre Interessen mit Klagen beim Verwaltungsgericht, Demonstrationen, Petition, Bürgerbegehren und so fort versuchten durchzusetzen, fehlte eine solche Organisation auf Seiten der Befürworte*innen; deren Interessen drohten unterzugehen. Aus dem Blick geriet derweil auch, dass es an Berliner Seen und in Parks zahlreiche Schäden gibt, die durch eine Über- und Fehlnutzung verursacht werden. Die Hundehaltung hat in Berlin überhandgenommen, was zur Konkurrenz zwischen Menschen und Hunden um die Nutzung jeglichen öffentlichen Raums führt. Angesichts des rasanten Bevölkerungszuwachses in Berlin werden diese Probleme noch zunehmen.</p>

<p>Die Diskussion um das Hundemitnahmeverbot auf den Uferwegen des Schlachtensees und der Krummen Lanke im Jahr 2015 waren für uns Anlass, uns zusammenzutun. Während die Kritiker*innen des Mitnahmeverbots organisiert waren und ihre Interessen mit Klagen beim Verwaltungsgericht, Demonstrationen, Petition, Bürgerbegehren &hellip; <a href="https://bello-ade-in-park-und-see.de/index.php/uber-uns/">Weiterlesen <span class="meta-nav">&rarr;</span></a></p>
