{"id":474,"date":"2016-04-28T08:07:29","date_gmt":"2016-04-28T08:07:29","guid":{"rendered":"http:\/\/bello-ade-in-park-und-see.de\/?page_id=474"},"modified":"2016-04-28T08:14:41","modified_gmt":"2016-04-28T08:14:41","slug":"neue-klage-beim-verwaltungsgericht-das-versteht-kein-hund-mehr","status":"publish","type":"page","link":"https:\/\/bello-ade-in-park-und-see.de\/index.php\/neue-klage-beim-verwaltungsgericht-das-versteht-kein-hund-mehr\/","title":{"rendered":"Neue Klage beim Verwaltungsgericht: Das versteht kein Hund mehr!"},"content":{"rendered":"<p>Ein namentlich nicht bekannter Hundehalter hat nunmehr beim Verwaltungsgericht Eilantr\u00e4ge gegen das neue Hundeverbot auf den Uferwegen des Schlachtensees und der Krummen Lanke eingereicht. (Das Verbot gilt vom 15.4. bis zum 15.10.) Er will erreichen, dass die entsprechenden Verf\u00fcgungen des Bezirksamtes und des Landesforstamtes bis zu einer endg\u00fcltigen Gerichtsverhandlung au\u00dfer Kraft gesetzt werden. Nachvollziehbar ist dieses Vorgehen nicht.<\/p>\n<p>In all den Monaten, in denen bereits um das Hundeverbot gestritten wurde, haben Hunde-Lobbyisten\/innen kein einziges vern\u00fcnftiges Argument vorgebracht, warum Hunde ausgerechnet auf den Uferwegen der beiden Seen Gassi gef\u00fchrt werden m\u00fcssen. Gleich nebenan gibt es den H\u00f6henweg, wo das Mitf\u00fchren von Hunden nie untersagt war, und vor allem:<\/p>\n<p>70 Meter weiter f\u00e4ngt das gr\u00f6\u00dfte Hundeauslaufgebiet Europas an! Hundehalter\/innen verweigern ihrem Hund den freien Auslauf, wo ein solcher problemlos m\u00f6glich w\u00e4re!?<\/p>\n<p>Mehr noch: Sie ziehen sogar vor Gericht, um zu erreichen, dass sie ihren Hund <em>neben<\/em> dem Hundeauslaufgebiet ausf\u00fchren d\u00fcrfen \u2013 festgezurrt an einer h\u00f6chstens zwei Meter langen Leine.<\/p>\n<p>Das versteht kein Hund mehr.<\/p>\n<p>28.4.2016<\/p>\n","protected":false},"excerpt":{"rendered":"<p>Ein namentlich nicht bekannter Hundehalter hat nunmehr beim Verwaltungsgericht Eilantr\u00e4ge gegen das neue Hundeverbot auf den Uferwegen des Schlachtensees und der Krummen Lanke eingereicht. (Das Verbot gilt vom 15.4. bis zum 15.10.) Er will erreichen, dass die entsprechenden Verf\u00fcgungen des &hellip; <a href=\"https:\/\/bello-ade-in-park-und-see.de\/index.php\/neue-klage-beim-verwaltungsgericht-das-versteht-kein-hund-mehr\/\">Weiterlesen <span class=\"meta-nav\">&rarr;<\/span><\/a><\/p>\n","protected":false},"author":3,"featured_media":0,"parent":0,"menu_order":0,"comment_status":"closed","ping_status":"closed","template":"full-width-page.php","meta":{"footnotes":""},"class_list":["post-474","page","type-page","status-publish","hentry"],"_links":{"self":[{"href":"https:\/\/bello-ade-in-park-und-see.de\/index.php\/wp-json\/wp\/v2\/pages\/474","targetHints":{"allow":["GET"]}}],"collection":[{"href":"https:\/\/bello-ade-in-park-und-see.de\/index.php\/wp-json\/wp\/v2\/pages"}],"about":[{"href":"https:\/\/bello-ade-in-park-und-see.de\/index.php\/wp-json\/wp\/v2\/types\/page"}],"author":[{"embeddable":true,"href":"https:\/\/bello-ade-in-park-und-see.de\/index.php\/wp-json\/wp\/v2\/users\/3"}],"replies":[{"embeddable":true,"href":"https:\/\/bello-ade-in-park-und-see.de\/index.php\/wp-json\/wp\/v2\/comments?post=474"}],"version-history":[{"count":1,"href":"https:\/\/bello-ade-in-park-und-see.de\/index.php\/wp-json\/wp\/v2\/pages\/474\/revisions"}],"predecessor-version":[{"id":475,"href":"https:\/\/bello-ade-in-park-und-see.de\/index.php\/wp-json\/wp\/v2\/pages\/474\/revisions\/475"}],"wp:attachment":[{"href":"https:\/\/bello-ade-in-park-und-see.de\/index.php\/wp-json\/wp\/v2\/media?parent=474"}],"curies":[{"name":"wp","href":"https:\/\/api.w.org\/{rel}","templated":true}]}}

<p>Ein namentlich nicht bekannter Hundehalter hat nunmehr beim Verwaltungsgericht Eilanträge gegen das neue Hundeverbot auf den Uferwegen des Schlachtensees und der Krummen Lanke eingereicht. (Das Verbot gilt vom 15.4. bis zum 15.10.) Er will erreichen, dass die entsprechenden Verfügungen des Bezirksamtes und des Landesforstamtes bis zu einer endgültigen Gerichtsverhandlung außer Kraft gesetzt werden. Nachvollziehbar ist dieses Vorgehen nicht.</p>
<p>In all den Monaten, in denen bereits um das Hundeverbot gestritten wurde, haben Hunde-Lobbyisten/innen kein einziges vernünftiges Argument vorgebracht, warum Hunde ausgerechnet auf den Uferwegen der beiden Seen Gassi geführt werden müssen. Gleich nebenan gibt es den Höhenweg, wo das Mitführen von Hunden nie untersagt war, und vor allem:</p>
<p>70 Meter weiter fängt das größte Hundeauslaufgebiet Europas an! Hundehalter/innen verweigern ihrem Hund den freien Auslauf, wo ein solcher problemlos möglich wäre!?</p>
<p>Mehr noch: Sie ziehen sogar vor Gericht, um zu erreichen, dass sie ihren Hund <em>neben</em> dem Hundeauslaufgebiet ausführen dürfen – festgezurrt an einer höchstens zwei Meter langen Leine.</p>
<p>Das versteht kein Hund mehr.</p>
<p>28.4.2016</p>

<p>Ein namentlich nicht bekannter Hundehalter hat nunmehr beim Verwaltungsgericht Eilanträge gegen das neue Hundeverbot auf den Uferwegen des Schlachtensees und der Krummen Lanke eingereicht. (Das Verbot gilt vom 15.4. bis zum 15.10.) Er will erreichen, dass die entsprechenden Verfügungen des &hellip; <a href="https://bello-ade-in-park-und-see.de/index.php/neue-klage-beim-verwaltungsgericht-das-versteht-kein-hund-mehr/">Weiterlesen <span class="meta-nav">&rarr;</span></a></p>
