{"id":48,"date":"2015-10-03T10:13:10","date_gmt":"2015-10-03T10:13:10","guid":{"rendered":"http:\/\/bello-ade.bplaced.net\/?page_id=48"},"modified":"2020-10-08T18:45:13","modified_gmt":"2020-10-08T18:45:13","slug":"infos","status":"publish","type":"page","link":"https:\/\/bello-ade-in-park-und-see.de\/index.php\/infos\/","title":{"rendered":"Infos"},"content":{"rendered":"<ul>\n<li><a href=\"https:\/\/bello-ade-in-park-und-see.de\/index.php\/hundebiss-gefahrdrohend-angesprungen-was-ist-zu-tun\/\">Hundebiss, gefahrdrohend angesprungen: Was ist zu tun?<\/a><\/li>\n<\/ul>\n<p style=\"padding-left: 80px;\">In diesem Beitrag geben wir Hinweise, was unternommen werden sollte, wenn jemand gebissen oder gefahrdrohend angesprungen wurde.<\/p>\n<ul>\n<li><a href=\"http:\/\/bello-ade-in-park-und-see.de\/index.php\/berlin-hauptstadt-der-hunde-und-der-steuersuender_innen\/\">Berlin: Hauptstadt der Hunde \u2013 und der Steuers\u00fcnder_innen?<\/a><\/li>\n<\/ul>\n<p style=\"padding-left: 80px;\">Anders als in anderen Gro\u00dfst\u00e4dten gibt es in Berlin kaum unversteuerte Hunde und bei der Steuererhebung w\u00fcrden die Grunds\u00e4tze des Bundesverfassungsgerichts beachtet, meint der Petitionsausschuss des Abgeordnetenhauses. Er irrt sich.<\/p>\n<ul>\n<li><a href=\"http:\/\/bello-ade-in-park-und-see.de\/index.php\/schwanenhatz-in-pankow-junge-schwaene-als-hundefutter\/\">Schwanenhatz in Pankow: Junge Schw\u00e4ne als Hundefutter?<\/a><\/li>\n<\/ul>\n<p style=\"padding-left: 80px;\">\u201eDer Versto\u00df der Jagdwilderei ist nicht erf\u00fcllt, da das Jagen durch Hunde deren nat\u00fcrlicher Trieb ist\u201c, meint die Berliner Polizei.<\/p>\n<ul>\n<li><a href=\"http:\/\/bello-ade-in-park-und-see.de\/index.php\/coco-verliess-ice-in-spandau\/\">&#8222;Coco&#8220; verlie\u00df ICE in Spandau &#8211; In Zukunft wird er schon vorher aussteigen m\u00fcssen.<\/a><\/li>\n<\/ul>\n<p style=\"padding-left: 80px;\">Die Deutsche Bahn erneuerte ihre Dienstanweisung:\u00a0 Hunde ohne Leine und Maulkorb werden &#8222;von der Weiterfahrt ausgeschlossen&#8220;.<\/p>\n<ul>\n<li><a href=\"http:\/\/bello-ade-in-park-und-see.de\/index.php\/guten-tag\/\">Brief aus Spandau:<\/a><\/li>\n<\/ul>\n<p style=\"padding-left: 80px;\">\u201eWir brauchen ein Volksbegehren gegen Hundehaltung als Tiermissbrauch und als Stressfaktor f\u00fcr Menschen\u201c, schreibt Jo Eck. Verwiesen sei auch auf ihr materialreiches und nachdenklich stimmendes Essay \u201eParallelgesellschaft. Dramatisches in Hundeforen. Theater pur. Rollenspiel Hundeleben\u201c (<a href=\"http:\/\/www.kunstlandschaft-spandau.de\/auf_den_hund_gekommen.pdf\">Link<\/a>).<\/p>\n<ul>\n<li>Buchhinweis<\/li>\n<\/ul>\n<p style=\"padding-left: 60px;\"><a href=\"http:\/\/bello-ade-in-park-und-see.de\/index.php\/buchhinweis\/\">J\u00fcrgen K\u00f6rner: Gutes Tier &#8211; b\u00f6ser Mensch? Psychologie der Mensch-Tier-Beziehung.<\/a><\/p>\n<p style=\"padding-left: 60px;\">Der Autor \u00f6ffnet den Blick auf die Mensch-Tier-Beziehung aus psychoanalytischer Sicht. Dieses Wissen kann helfen, die Lobby der Tierliebhaber*innen besser zu verstehen. Es macht aber auch deutlich, wie wenig Dialogbereitschaft zu erwarten ist, wenn jemand sein Tier dem Menschen gleichstellt und wie weit er gehen kann, um die vermeintlichen Bed\u00fcrfnisse des Tieres zu verteidigen.<\/p>\n<ul>\n<li><a href=\"http:\/\/bello-ade-in-park-und-see.de\/index.php\/parteien-zum-hundeverbot\/\">Parteien zum Hundeverbot: Was ist von der neuen BVV zu erwarten?<\/a><\/li>\n<\/ul>\n<p style=\"padding-left: 60px;\">Der Tagesspiegel hat den Spitzenkandidaten\/innen f\u00fcr die Wahl zur Bezirksverordnetenversammlung (BVV) Steglitz-Zehlendorf vor den Wahlen einen Katalog an Fragen vorgelegt. Wir dokumentieren und kommentieren die Antworten zur &#8222;Hunde-Frage&#8220;.<\/p>\n<ul>\n<li><a href=\"http:\/\/bello-ade-in-park-und-see.de\/index.php\/neues-hundegesetz_3\/\">Neues Hundegesetz: Hunde d\u00fcrfen nicht mehr an Badestellen mitgenommen werden<\/a><\/li>\n<\/ul>\n<p style=\"text-align: left; padding-left: 60px;\">Am 22. Juli 2016 trat das neue Berliner Hundegesetz in Kraft. Wir stellen bedeutsame Neuregelungen vor: die Erm\u00e4chtigung der Beh\u00f6rden Hundeverbotszonen einzurichten, das ganzj\u00e4hrige Hundeverbot an \u00f6ffentlichen Badestellen und die Erweiterung der Zweckbestimmung des Gesetzes um ein \u201evertr\u00e4gliches Zusammenleben von Menschen und Hunden\u201c. Aber auch manche Absurdit\u00e4t ist zu entdecken und viele Chancen wurden vertan.<\/p>\n<ul>\n<li><a href=\"http:\/\/bello-ade-in-park-und-see.de\/index.php\/ueber-die-notwendigkeit-des-hunde-schwemmens\/\">\u00dcber die Notwendigkeit des Hunde-Schwemmens &#8230;<\/a><\/li>\n<\/ul>\n<p style=\"padding-left: 60px;\">Die \u201eBerliner Schnauzen\u201c fordern, dass Hunde in Badeseen \u201egeschwemmt\u201c werden d\u00fcrfen. Wir haben nach Gr\u00fcnden gesucht: Das Schwemmen befreit Hunde von Fl\u00f6hen und Tollwut.<\/p>\n<ul>\n<li><a href=\"http:\/\/bello-ade-in-park-und-see.de\/index.php\/hundehalter-kommt-in-diese-stadt-den-hundekot-koennt-ihr-getrost-liegenlassen\/\">&#8222;Hundehalter kommt in diese Stadt&#8220; &#8211; den Hundekot k\u00f6nnt ihr getrost liegenlassen<\/a><\/li>\n<\/ul>\n<p style=\"padding-left: 60px;\">stand auf der Website des Senats. Nein, wir haben das Umgehen von Tretminen nicht \u201el\u00e4ngst verinnerlicht\u201c, sondern daf\u00fcr gesorgt, dass der Passus gel\u00f6scht wird.<\/p>\n<ul>\n<li><a href=\"http:\/\/bello-ade-in-park-und-see.de\/index.php\/452-2\/\">Bezirke sollen hundefreie Zonen einrichten d\u00fcrfen &#8211; Senat greift unsere Idee auf<\/a><\/li>\n<\/ul>\n<p style=\"padding-left: 60px;\">Die Berliner Koalitionsparteien haben sich nunmehr darauf verst\u00e4ndigt, dass im anstehenden neuen Hundegesetz die Bezirke das Recht erhalten sollen, hundefreie Zonen einzurichten. Eine eindeutige gesetzliche Regelung ist \u00fcberf\u00e4llig.<\/p>\n<ul>\n<li><a href=\"http:\/\/bello-ade-in-park-und-see.de\/index.php\/wildtiere-brauchen-durch-uns-nicht-geschuetzt-zu-werden-erna-graff-stiftung-fuer-tierschutz\/\">&#8222;Wildtiere brauchen durch uns nicht gesch\u00fctzt zu werden&#8220; (Erna-Graff-Stiftung f\u00fcr Tierschutz)<\/a><\/li>\n<\/ul>\n<p style=\"padding-left: 60px;\">Ein bemerkenswertes Rundfunkinterview.<\/p>\n<ul>\n<li><a href=\"http:\/\/bello-ade-in-park-und-see.de\/index.php\/was-meint-die-bevoelkerung-zum-hunde-mitnahmeverbot\/\">Was meint die Bev\u00f6lkerung zum Hunde-Mitnahmeverbot?<\/a><\/li>\n<\/ul>\n<p style=\"padding-left: 60px;\">Die Zusammenstellung verschiedener Befragungen zeigt: Eine Mehrheit der Berliner Bev\u00f6lkerung spricht sich f\u00fcr das Verbot von Hunden auf den Uferwegen des Schlachtensees und der Krummen Lanke aus und fordert eine deutliche Einschr\u00e4nkung bisheriger Freiheiten der Hundehalter\/innen.<\/p>\n<ul>\n<li><a href=\"http:\/\/bello-ade-in-park-und-see.de\/index.php\/hunde-im-wald\/\">Hunde im Wald &#8211; Amerika, Du hast es besser<\/a><\/li>\n<\/ul>\n<p style=\"padding-left: 60px;\">Warum Hunde nicht in den Wald geh\u00f6ren. Wir berichten \u00fcber die Begr\u00fcndungen US-amerikanischer Nationalparkverwaltungen.<\/p>\n<ul>\n<li><a href=\"http:\/\/bello-ade-in-park-und-see.de\/index.php\/nahverkehr-in-berlin\/\">\u00d6ffentlicher Personen-Nahverkehr in Berlin<\/a><\/li>\n<\/ul>\n<p style=\"padding-left: 60px;\">Die Subventionierung der Hundehalter\/innen im Tarifsystem des \u00f6ffentlichen Personennahverkehrs.<\/p>\n\n\n<p><\/p>\n","protected":false},"excerpt":{"rendered":"<p>Hundebiss, gefahrdrohend angesprungen: Was ist zu tun? In diesem Beitrag geben wir Hinweise, was unternommen werden sollte, wenn jemand gebissen oder gefahrdrohend angesprungen wurde. Berlin: Hauptstadt der Hunde \u2013 und der Steuers\u00fcnder_innen? Anders als in anderen Gro\u00dfst\u00e4dten gibt es in &hellip; <a href=\"https:\/\/bello-ade-in-park-und-see.de\/index.php\/infos\/\">Weiterlesen <span class=\"meta-nav\">&rarr;<\/span><\/a><\/p>\n","protected":false},"author":3,"featured_media":0,"parent":0,"menu_order":0,"comment_status":"closed","ping_status":"closed","template":"full-width-page.php","meta":{"footnotes":""},"class_list":["post-48","page","type-page","status-publish","hentry"],"_links":{"self":[{"href":"https:\/\/bello-ade-in-park-und-see.de\/index.php\/wp-json\/wp\/v2\/pages\/48","targetHints":{"allow":["GET"]}}],"collection":[{"href":"https:\/\/bello-ade-in-park-und-see.de\/index.php\/wp-json\/wp\/v2\/pages"}],"about":[{"href":"https:\/\/bello-ade-in-park-und-see.de\/index.php\/wp-json\/wp\/v2\/types\/page"}],"author":[{"embeddable":true,"href":"https:\/\/bello-ade-in-park-und-see.de\/index.php\/wp-json\/wp\/v2\/users\/3"}],"replies":[{"embeddable":true,"href":"https:\/\/bello-ade-in-park-und-see.de\/index.php\/wp-json\/wp\/v2\/comments?post=48"}],"version-history":[{"count":67,"href":"https:\/\/bello-ade-in-park-und-see.de\/index.php\/wp-json\/wp\/v2\/pages\/48\/revisions"}],"predecessor-version":[{"id":938,"href":"https:\/\/bello-ade-in-park-und-see.de\/index.php\/wp-json\/wp\/v2\/pages\/48\/revisions\/938"}],"wp:attachment":[{"href":"https:\/\/bello-ade-in-park-und-see.de\/index.php\/wp-json\/wp\/v2\/media?parent=48"}],"curies":[{"name":"wp","href":"https:\/\/api.w.org\/{rel}","templated":true}]}}

<ul>
<li><a href="https://bello-ade-in-park-und-see.de/index.php/hundebiss-gefahrdrohend-angesprungen-was-ist-zu-tun/">Hundebiss, gefahrdrohend angesprungen: Was ist zu tun?</a></li>
</ul>
<p style="padding-left: 80px;">In diesem Beitrag geben wir Hinweise, was unternommen werden sollte, wenn jemand gebissen oder gefahrdrohend angesprungen wurde.</p>
<ul>
<li><a href="http://bello-ade-in-park-und-see.de/index.php/berlin-hauptstadt-der-hunde-und-der-steuersuender_innen/">Berlin: Hauptstadt der Hunde – und der Steuersünder_innen?</a></li>
</ul>
<p style="padding-left: 80px;">Anders als in anderen Großstädten gibt es in Berlin kaum unversteuerte Hunde und bei der Steuererhebung würden die Grundsätze des Bundesverfassungsgerichts beachtet, meint der Petitionsausschuss des Abgeordnetenhauses. Er irrt sich.</p>
<ul>
<li><a href="http://bello-ade-in-park-und-see.de/index.php/schwanenhatz-in-pankow-junge-schwaene-als-hundefutter/">Schwanenhatz in Pankow: Junge Schwäne als Hundefutter?</a></li>
</ul>
<p style="padding-left: 80px;">„Der Verstoß der Jagdwilderei ist nicht erfüllt, da das Jagen durch Hunde deren natürlicher Trieb ist“, meint die Berliner Polizei.</p>
<ul>
<li><a href="http://bello-ade-in-park-und-see.de/index.php/coco-verliess-ice-in-spandau/">&#8222;Coco&#8220; verließ ICE in Spandau &#8211; In Zukunft wird er schon vorher aussteigen müssen.</a></li>
</ul>
<p style="padding-left: 80px;">Die Deutsche Bahn erneuerte ihre Dienstanweisung:  Hunde ohne Leine und Maulkorb werden &#8222;von der Weiterfahrt ausgeschlossen&#8220;.</p>
<ul>
<li><a href="http://bello-ade-in-park-und-see.de/index.php/guten-tag/">Brief aus Spandau:</a></li>
</ul>
<p style="padding-left: 80px;">„Wir brauchen ein Volksbegehren gegen Hundehaltung als Tiermissbrauch und als Stressfaktor für Menschen“, schreibt Jo Eck. Verwiesen sei auch auf ihr materialreiches und nachdenklich stimmendes Essay „Parallelgesellschaft. Dramatisches in Hundeforen. Theater pur. Rollenspiel Hundeleben“ (<a href="http://www.kunstlandschaft-spandau.de/auf_den_hund_gekommen.pdf">Link</a>).</p>
<ul>
<li>Buchhinweis</li>
</ul>
<p style="padding-left: 60px;"><a href="http://bello-ade-in-park-und-see.de/index.php/buchhinweis/">Jürgen Körner: Gutes Tier &#8211; böser Mensch? Psychologie der Mensch-Tier-Beziehung.</a></p>
<p style="padding-left: 60px;">Der Autor öffnet den Blick auf die Mensch-Tier-Beziehung aus psychoanalytischer Sicht. Dieses Wissen kann helfen, die Lobby der Tierliebhaber*innen besser zu verstehen. Es macht aber auch deutlich, wie wenig Dialogbereitschaft zu erwarten ist, wenn jemand sein Tier dem Menschen gleichstellt und wie weit er gehen kann, um die vermeintlichen Bedürfnisse des Tieres zu verteidigen.</p>
<ul>
<li><a href="http://bello-ade-in-park-und-see.de/index.php/parteien-zum-hundeverbot/">Parteien zum Hundeverbot: Was ist von der neuen BVV zu erwarten?</a></li>
</ul>
<p style="padding-left: 60px;">Der Tagesspiegel hat den Spitzenkandidaten/innen für die Wahl zur Bezirksverordnetenversammlung (BVV) Steglitz-Zehlendorf vor den Wahlen einen Katalog an Fragen vorgelegt. Wir dokumentieren und kommentieren die Antworten zur &#8222;Hunde-Frage&#8220;.</p>
<ul>
<li><a href="http://bello-ade-in-park-und-see.de/index.php/neues-hundegesetz_3/">Neues Hundegesetz: Hunde dürfen nicht mehr an Badestellen mitgenommen werden</a></li>
</ul>
<p style="text-align: left; padding-left: 60px;">Am 22. Juli 2016 trat das neue Berliner Hundegesetz in Kraft. Wir stellen bedeutsame Neuregelungen vor: die Ermächtigung der Behörden Hundeverbotszonen einzurichten, das ganzjährige Hundeverbot an öffentlichen Badestellen und die Erweiterung der Zweckbestimmung des Gesetzes um ein „verträgliches Zusammenleben von Menschen und Hunden“. Aber auch manche Absurdität ist zu entdecken und viele Chancen wurden vertan.</p>
<ul>
<li><a href="http://bello-ade-in-park-und-see.de/index.php/ueber-die-notwendigkeit-des-hunde-schwemmens/">Über die Notwendigkeit des Hunde-Schwemmens &#8230;</a></li>
</ul>
<p style="padding-left: 60px;">Die „Berliner Schnauzen“ fordern, dass Hunde in Badeseen „geschwemmt“ werden dürfen. Wir haben nach Gründen gesucht: Das Schwemmen befreit Hunde von Flöhen und Tollwut.</p>
<ul>
<li><a href="http://bello-ade-in-park-und-see.de/index.php/hundehalter-kommt-in-diese-stadt-den-hundekot-koennt-ihr-getrost-liegenlassen/">&#8222;Hundehalter kommt in diese Stadt&#8220; &#8211; den Hundekot könnt ihr getrost liegenlassen</a></li>
</ul>
<p style="padding-left: 60px;">stand auf der Website des Senats. Nein, wir haben das Umgehen von Tretminen nicht „längst verinnerlicht“, sondern dafür gesorgt, dass der Passus gelöscht wird.</p>
<ul>
<li><a href="http://bello-ade-in-park-und-see.de/index.php/452-2/">Bezirke sollen hundefreie Zonen einrichten dürfen &#8211; Senat greift unsere Idee auf</a></li>
</ul>
<p style="padding-left: 60px;">Die Berliner Koalitionsparteien haben sich nunmehr darauf verständigt, dass im anstehenden neuen Hundegesetz die Bezirke das Recht erhalten sollen, hundefreie Zonen einzurichten. Eine eindeutige gesetzliche Regelung ist überfällig.</p>
<ul>
<li><a href="http://bello-ade-in-park-und-see.de/index.php/wildtiere-brauchen-durch-uns-nicht-geschuetzt-zu-werden-erna-graff-stiftung-fuer-tierschutz/">&#8222;Wildtiere brauchen durch uns nicht geschützt zu werden&#8220; (Erna-Graff-Stiftung für Tierschutz)</a></li>
</ul>
<p style="padding-left: 60px;">Ein bemerkenswertes Rundfunkinterview.</p>
<ul>
<li><a href="http://bello-ade-in-park-und-see.de/index.php/was-meint-die-bevoelkerung-zum-hunde-mitnahmeverbot/">Was meint die Bevölkerung zum Hunde-Mitnahmeverbot?</a></li>
</ul>
<p style="padding-left: 60px;">Die Zusammenstellung verschiedener Befragungen zeigt: Eine Mehrheit der Berliner Bevölkerung spricht sich für das Verbot von Hunden auf den Uferwegen des Schlachtensees und der Krummen Lanke aus und fordert eine deutliche Einschränkung bisheriger Freiheiten der Hundehalter/innen.</p>
<ul>
<li><a href="http://bello-ade-in-park-und-see.de/index.php/hunde-im-wald/">Hunde im Wald &#8211; Amerika, Du hast es besser</a></li>
</ul>
<p style="padding-left: 60px;">Warum Hunde nicht in den Wald gehören. Wir berichten über die Begründungen US-amerikanischer Nationalparkverwaltungen.</p>
<ul>
<li><a href="http://bello-ade-in-park-und-see.de/index.php/nahverkehr-in-berlin/">Öffentlicher Personen-Nahverkehr in Berlin</a></li>
</ul>
<p style="padding-left: 60px;">Die Subventionierung der Hundehalter/innen im Tarifsystem des öffentlichen Personennahverkehrs.</p>


<p></p>

<p>Hundebiss, gefahrdrohend angesprungen: Was ist zu tun? In diesem Beitrag geben wir Hinweise, was unternommen werden sollte, wenn jemand gebissen oder gefahrdrohend angesprungen wurde. Berlin: Hauptstadt der Hunde – und der Steuersünder_innen? Anders als in anderen Großstädten gibt es in &hellip; <a href="https://bello-ade-in-park-und-see.de/index.php/infos/">Weiterlesen <span class="meta-nav">&rarr;</span></a></p>
