{"id":626,"date":"2018-02-03T14:46:20","date_gmt":"2018-02-03T14:46:20","guid":{"rendered":"http:\/\/bello-ade-in-park-und-see.de\/?page_id=626"},"modified":"2019-05-23T19:37:52","modified_gmt":"2019-05-23T19:37:52","slug":"verwaltungsgerichtsurteil-vom-7-dezember-2017-zur-hundemitnahme-an-den-seen","status":"publish","type":"page","link":"https:\/\/bello-ade-in-park-und-see.de\/index.php\/verwaltungsgerichtsurteil-vom-7-dezember-2017-zur-hundemitnahme-an-den-seen\/","title":{"rendered":"Verwaltungsgerichtsurteil vom 7. Dezember 2017 zur Hundemitnahme an den Seen"},"content":{"rendered":"<h4 style=\"text-align: right;\"><a href=\"http:\/\/bello-ade-in-park-und-see.de\/wp-content\/uploads\/2018\/02\/M_Senat_VerwaltungsG_7_12_2017.pdf\">PDF-Version<\/a><\/h4>\n<h3>Sehr geehrter Herr Senator Dr. Behrendt,<br \/>\nsehr geehrte Frau Senatorin Kolat,<\/h3>\n<p>aus Gr\u00fcnden des Gesundheitsschutzes \u2013 insbesondere auch von Kindern \u2013 bitten wir Sie dringend, gegen das Urteil des Verwaltungsgerichts zur Hundemitnahme an der Krummen Lanke und dem Schlachtensee in Berufung zu gehen. Das Urteil stellt auf Nutzungskonflikte zwischen Badenden und Hunden ab, Gesundheitsgefahren aber scheinen unbeachtet geblieben zu sein, insbesondere auch die Gef\u00e4hrdung durch Hundespulw\u00fcrmer. Deren Eier sind zu Beginn der Badesaison nicht \u201eweg\u201c, sondern \u00fcberleben monatelang und f\u00fchren beim Menschen zu schwersten Erkrankungen.<\/p>\n<p>Wie es zu dem Urteil kommen konnte, ist uns unverst\u00e4ndlich, liegt doch aus der Senats-Gesundheitsverwaltung eine ausf\u00fchrliche Stellungnahme zur Problematik der Hundemitnahme an den Seen vor. Mit Datum vom 13.1.2015 schreibt sie zur damaligen Planung eines Mitnahmeverbots auf den Uferwegen:<br \/>\n\u201eAus der Sicht des umweltbezogenen Gesundheitsschutzes ist dieses Vorgehen dringend zu unterst\u00fctzen. Die Mitnahme von Hunden an Badestellen und Liegewiesen ist insbesondere aus hygienischen Gr\u00fcnden verboten, denn Hunde k\u00f6nnen auf den Menschen zahlreiche zum Teil schwerwiegende Erkrankungen (sogenannte Zoonosen) \u00fcbertragen.\u201c<br \/>\nBesonders hingewiesen wird dabei auf den Hundespulwurm, von dem in Deutschland \u2013 je nach Studie \u2013 zwischen 5% und 21% aller Hunde befallen seien. Werden Menschen mit Spulwurmeiern infiziert (im Sand spielende Kinder!) wandern die Eier durch die Organe, \u201einsbesondere durch die Leber, die Lunge und die Augen\u201c. Nicht zuletzt aus diesem Grund wurde vor Jahrzehnten die Mitnahme von Hunden auf Kinderspielpl\u00e4tzen, in Badeanstalten und auf Liegewiesen untersagt. Es war nur konsequent, dieses Verbot im neuen Hundegesetz auf Naturbadestellen auszuweiten.<\/p>\n<p>Die Eier des Hundespulwurms \u00fcberleben selbst bei Frost, wie eine Studie der Universit\u00e4t Wien (H. Pfeifer) zeigt:<br \/>\n\u201eZur Beantwortung der Frage, inwieweit infekti\u00f6se Eier von Toxocara canis in Wien \u00fcberwintern, wurde im Juli bzw. August 1980 an markierten Stellen im Botanischen Garten unserer Universit\u00e4t Hundekot ausgelegt, der in gro\u00dfer Anzahl Eier dieses Spulwurmes enthielt. Im April 1981 waren noch ohne Schwierigkeiten \u00fcberwiegend voll entwickelte Eier zu finden, deren Infektiosit\u00e4t nach peroraler Verabreichung an wei\u00dfe M\u00e4use bewiesen werden konnte.\u201c<\/p>\n<p>Spulwurmeier werden mit dem Hundekot und den Hundehaaren an den Badestellen hinterlassen:<br \/>\n\u201eDie britischen Tier\u00e4rzte A. Wolfe und I. Wright untersuchten 60 Hunde und fanden bei jedem vierten Toxocara-Eier im Fell, teilweise pro Gramm Hundefell bis zu 180 Eier\u201c (Polarhunde-Nothilfe).<br \/>\nAuch wenn Hundehalter den Kot aufnehmen, bleiben meist kleine Reste zur\u00fcck und der After der Hunde ist auch nicht immer g\u00e4nzlich sauber.<br \/>\nZur Zahl der mit Spulw\u00fcrmern infizierten Hunde gibt es unterschiedliche Angaben, die Senatsverwaltung schreibt von 5-21%, in der Studie der Universit\u00e4t Wien wird berichtet, dass 33% aller untersuchten Kotproben infiziert waren. Bei der Hundedichte am Schlachtensee und der Krummen Lanke ist von einer erheblichen Gef\u00e4hrdung der dort Badenden auszugehen.<\/p>\n<p>Ein Berufungsverfahren erscheint uns auch deshalb unbedingt notwendig, weil sonst ein Hundeverbot auf Spielpl\u00e4tzen, Liegewiesen und in Badeanstalten zu den Zeiten, wo diese nicht durch spielende Kinder etc. genutzt werden, nicht mehr aufrechterhalten werden k\u00f6nnte.<\/p>\n<p>Mit freundlichen Gr\u00fc\u00dfen<br \/>\nBI \u201ebello ade in park und see\u201c<\/p>\n<p>Quellen:<br \/>\nPfeifer, H. 1983: Zur Kontamination von \u00f6ffentlichen Gr\u00fcnanlagen und Kinderspielsand in Wien mit Dauerstadien humanpathogener Parasiten von Hund und Katze. In: Mitt. \u00d6sterr. Ges. Tropenmed. Parasitologie und Allgemeine Zoologie 5\/1983, S. 83-87: http:\/\/www.zobodat.at\/pdf\/MOGTP_5_0083-0087.pdf<\/p>\n<p>Polarhunde-Nothilfe:<br \/>\nhttps:\/\/www.polarhunde-nothilfe.com\/Wissen\/wissen_body.htm?https:\/\/www.polarhunde-nothilfe.com\/Wissen\/gesundheit\/wissen_hundespulwurm.htm<\/p>\n<p>Senatsverwaltung f\u00fcr Gesundheit und Soziales: Informationen zu hygienischen Gr\u00fcnden f\u00fcr ein Mitnahmeverbot von Hunden an den EU-Badegew\u00e4ssern Schlachtensee und Krumme Lanke, 13.1.2015. (Im Attachment beigef\u00fcgt.)<\/p>\n<p>Ver\u00f6ffentlicht am 3.2.2018<\/p>\n<p>Nachtrag (Stand Mai 2019): Die Revision ist noch vor dem Oberwaltungsgericht anh\u00e4ngig, das Urteil somit nicht rechtskr\u00e4ftig.<\/p>\n","protected":false},"excerpt":{"rendered":"<p>PDF-Version Sehr geehrter Herr Senator Dr. Behrendt, sehr geehrte Frau Senatorin Kolat, aus Gr\u00fcnden des Gesundheitsschutzes \u2013 insbesondere auch von Kindern \u2013 bitten wir Sie dringend, gegen das Urteil des Verwaltungsgerichts zur Hundemitnahme an der Krummen Lanke und dem Schlachtensee &hellip; <a href=\"https:\/\/bello-ade-in-park-und-see.de\/index.php\/verwaltungsgerichtsurteil-vom-7-dezember-2017-zur-hundemitnahme-an-den-seen\/\">Weiterlesen <span class=\"meta-nav\">&rarr;<\/span><\/a><\/p>\n","protected":false},"author":3,"featured_media":0,"parent":0,"menu_order":0,"comment_status":"closed","ping_status":"closed","template":"full-width-page.php","meta":{"footnotes":""},"class_list":["post-626","page","type-page","status-publish","hentry"],"_links":{"self":[{"href":"https:\/\/bello-ade-in-park-und-see.de\/index.php\/wp-json\/wp\/v2\/pages\/626","targetHints":{"allow":["GET"]}}],"collection":[{"href":"https:\/\/bello-ade-in-park-und-see.de\/index.php\/wp-json\/wp\/v2\/pages"}],"about":[{"href":"https:\/\/bello-ade-in-park-und-see.de\/index.php\/wp-json\/wp\/v2\/types\/page"}],"author":[{"embeddable":true,"href":"https:\/\/bello-ade-in-park-und-see.de\/index.php\/wp-json\/wp\/v2\/users\/3"}],"replies":[{"embeddable":true,"href":"https:\/\/bello-ade-in-park-und-see.de\/index.php\/wp-json\/wp\/v2\/comments?post=626"}],"version-history":[{"count":6,"href":"https:\/\/bello-ade-in-park-und-see.de\/index.php\/wp-json\/wp\/v2\/pages\/626\/revisions"}],"predecessor-version":[{"id":733,"href":"https:\/\/bello-ade-in-park-und-see.de\/index.php\/wp-json\/wp\/v2\/pages\/626\/revisions\/733"}],"wp:attachment":[{"href":"https:\/\/bello-ade-in-park-und-see.de\/index.php\/wp-json\/wp\/v2\/media?parent=626"}],"curies":[{"name":"wp","href":"https:\/\/api.w.org\/{rel}","templated":true}]}}