{"id":709,"date":"2019-05-22T10:06:28","date_gmt":"2019-05-22T10:06:28","guid":{"rendered":"http:\/\/bello-ade-in-park-und-see.de\/?page_id=709"},"modified":"2019-05-22T22:26:44","modified_gmt":"2019-05-22T22:26:44","slug":"guten-tag","status":"publish","type":"page","link":"https:\/\/bello-ade-in-park-und-see.de\/index.php\/guten-tag\/","title":{"rendered":"Guten Tag,"},"content":{"rendered":"\n<figure class=\"wp-block-image\"><img loading=\"lazy\" decoding=\"async\" width=\"520\" height=\"380\" src=\"http:\/\/bello-ade-in-park-und-see.de\/wp-content\/uploads\/2019\/05\/Grafik_Textlandschaft__im_Rosenkranz_33.jpg\" alt=\"\" class=\"wp-image-710\" srcset=\"https:\/\/bello-ade-in-park-und-see.de\/wp-content\/uploads\/2019\/05\/Grafik_Textlandschaft__im_Rosenkranz_33.jpg 520w, https:\/\/bello-ade-in-park-und-see.de\/wp-content\/uploads\/2019\/05\/Grafik_Textlandschaft__im_Rosenkranz_33-300x219.jpg 300w\" sizes=\"auto, (max-width: 520px) 100vw, 520px\" \/><figcaption>Grafik: Textlandschaft<\/figcaption><\/figure>\n\n\n\n<p style=\"text-align:right\"><br><\/p>\n\n\n\n<p style=\"text-align:right\"><a href=\"http:\/\/bello-ade-in-park-und-see.de\/wp-content\/uploads\/2019\/05\/PDF_Jo-Eck.pdf\">PDF-Version<\/a><\/p>\n\n\n\n<p>ich hatte mich beim RBB beschwert, weil u.a. in Kindersendungen behauptet worden war, dass Kinder mit Hunden gl\u00fccklicher leben \u2013 k\u00f6nnen. Als ich in einem sozialen Brennpunkt Kindern sagte, dass Hunde ihren Hundeeltern als Baby entrissen wurden, reagierten sie tief best\u00fcrzt, keins wollte einen Hund. Kinder in Wohlstandsgebieten reagierten \u00e4hnlich. Ich bot dem RBB als Dramatikerin\/Autorin an, eine Geschichte zum Thema f\u00fcr den Ohrenb\u00e4r zu schreiben \u2013 ohne Erfolg. Eine Feature zum Thema wurde abgelehnt, Begr\u00fcndung, die <a href=\"http:\/\/www.kunstlandschaft-spandau.de\/auf_den_hund_gekommen.pdf\">Skizze<\/a> berge nicht ausreichend Erz\u00e4hlmaterial.<\/p>\n\n\n\n<p>Ich\nhatte u.a. recherchiert, dass Hundehalter Tiefschutzvereinigungen und Politik\nunterwandert hatten, sie waren bei der Berliner Hundegesetzgebung in der\nEntscheidungsmehrheit, die Tierschutzbeauftragten des Senats und der Gr\u00fcnen\nPartei waren Hundehalter, auch die Gesch\u00e4ftsf\u00fchrerin des Tierschutzvereins,&#8230;\nWir baten um die Einrichtung einer Untersuchungskommission, ohne Erfolg.<\/p>\n\n\n\n<p>Hunde werden nicht nur zum Freund-, sondern auch Waffenersatz dressiert. Ordnungs\u00e4mter h\u00e4tten zu wenig Personal, Subunternehmen k\u00f6nnten auf Provisionsbasis arbeiten. Mitarbeiter von Ordnungs\u00e4mtern haben Angst vor Hundehaltern wie andere B\u00fcrger auch, ein Fernleseger\u00e4t f\u00fcr Hundemarken k\u00f6nnte helfen, Hundehalter ohne Selbstgef\u00e4hrdung zu identifizieren &#8230;In Spandau lief ein Hund ohne Halsband durch die Innenstadt. Wir brauchen ein Volksbegehren gegen Hundehaltung als Tiermissbrauch und als Stressfaktor f\u00fcr Menschen, immer mehr Fl\u00e4chen werden zugebaut, Hundehalter nutzen Stra\u00dfen, Pl\u00e4tze, Gr\u00fcnanlagen als Hundeauslaufgebiet, Motorr\u00e4der d\u00fcrfen nicht auf Park- und Waldwegen gefahren werden, auch wenn es ein Hobby ist, Motorr\u00e4der zu fahren oder mit Pfeil und Bogen zu schie\u00dfen&#8230; Hunde vertrieben die Nachtigall (Bodenbr\u00fcter), sie <a href=\"https:\/\/www.berlin.de\/sen\/verbraucherschutz\/aufgaben\/tierschutz\/hundehaltung\/hundebiss-statistik-314090.php\">bei\u00dfen Tiere und Menschen<\/a>, nicht jeder Hundebiss wird gemeldet, registriert.<\/p>\n\n\n\n<p>Im\nPrinzip Hoffnung.<\/p>\n\n\n\n<p>Herzlich Jo Eck<\/p>\n\n\n\n<p>22.05.2019<\/p>\n\n\n\n<p><\/p>\n\n\n\n<p><\/p>\n","protected":false},"excerpt":{"rendered":"<p>PDF-Version ich hatte mich beim RBB beschwert, weil u.a. in Kindersendungen behauptet worden war, dass Kinder mit Hunden gl\u00fccklicher leben \u2013 k\u00f6nnen. Als ich in einem sozialen Brennpunkt Kindern sagte, dass Hunde ihren Hundeeltern als Baby entrissen wurden, reagierten sie &hellip; <a href=\"https:\/\/bello-ade-in-park-und-see.de\/index.php\/guten-tag\/\">Weiterlesen <span class=\"meta-nav\">&rarr;<\/span><\/a><\/p>\n","protected":false},"author":3,"featured_media":0,"parent":0,"menu_order":0,"comment_status":"closed","ping_status":"closed","template":"full-width-page.php","meta":{"footnotes":""},"class_list":["post-709","page","type-page","status-publish","hentry"],"_links":{"self":[{"href":"https:\/\/bello-ade-in-park-und-see.de\/index.php\/wp-json\/wp\/v2\/pages\/709","targetHints":{"allow":["GET"]}}],"collection":[{"href":"https:\/\/bello-ade-in-park-und-see.de\/index.php\/wp-json\/wp\/v2\/pages"}],"about":[{"href":"https:\/\/bello-ade-in-park-und-see.de\/index.php\/wp-json\/wp\/v2\/types\/page"}],"author":[{"embeddable":true,"href":"https:\/\/bello-ade-in-park-und-see.de\/index.php\/wp-json\/wp\/v2\/users\/3"}],"replies":[{"embeddable":true,"href":"https:\/\/bello-ade-in-park-und-see.de\/index.php\/wp-json\/wp\/v2\/comments?post=709"}],"version-history":[{"count":9,"href":"https:\/\/bello-ade-in-park-und-see.de\/index.php\/wp-json\/wp\/v2\/pages\/709\/revisions"}],"predecessor-version":[{"id":730,"href":"https:\/\/bello-ade-in-park-und-see.de\/index.php\/wp-json\/wp\/v2\/pages\/709\/revisions\/730"}],"wp:attachment":[{"href":"https:\/\/bello-ade-in-park-und-see.de\/index.php\/wp-json\/wp\/v2\/media?parent=709"}],"curies":[{"name":"wp","href":"https:\/\/api.w.org\/{rel}","templated":true}]}}

<figure class="wp-block-image"><img loading="lazy" decoding="async" width="520" height="380" src="http://bello-ade-in-park-und-see.de/wp-content/uploads/2019/05/Grafik_Textlandschaft__im_Rosenkranz_33.jpg" alt="" class="wp-image-710" srcset="https://bello-ade-in-park-und-see.de/wp-content/uploads/2019/05/Grafik_Textlandschaft__im_Rosenkranz_33.jpg 520w, https://bello-ade-in-park-und-see.de/wp-content/uploads/2019/05/Grafik_Textlandschaft__im_Rosenkranz_33-300x219.jpg 300w" sizes="auto, (max-width: 520px) 100vw, 520px" /><figcaption>Grafik: Textlandschaft</figcaption></figure>



<p style="text-align:right"><br></p>



<p style="text-align:right"><a href="http://bello-ade-in-park-und-see.de/wp-content/uploads/2019/05/PDF_Jo-Eck.pdf">PDF-Version</a></p>



<p>ich hatte mich beim RBB beschwert, weil u.a. in Kindersendungen behauptet worden war, dass Kinder mit Hunden glücklicher leben – können. Als ich in einem sozialen Brennpunkt Kindern sagte, dass Hunde ihren Hundeeltern als Baby entrissen wurden, reagierten sie tief bestürzt, keins wollte einen Hund. Kinder in Wohlstandsgebieten reagierten ähnlich. Ich bot dem RBB als Dramatikerin/Autorin an, eine Geschichte zum Thema für den Ohrenbär zu schreiben – ohne Erfolg. Eine Feature zum Thema wurde abgelehnt, Begründung, die <a href="http://www.kunstlandschaft-spandau.de/auf_den_hund_gekommen.pdf">Skizze</a> berge nicht ausreichend Erzählmaterial.</p>



<p>Ich
hatte u.a. recherchiert, dass Hundehalter Tiefschutzvereinigungen und Politik
unterwandert hatten, sie waren bei der Berliner Hundegesetzgebung in der
Entscheidungsmehrheit, die Tierschutzbeauftragten des Senats und der Grünen
Partei waren Hundehalter, auch die Geschäftsführerin des Tierschutzvereins,&#8230;
Wir baten um die Einrichtung einer Untersuchungskommission, ohne Erfolg.</p>



<p>Hunde werden nicht nur zum Freund-, sondern auch Waffenersatz dressiert. Ordnungsämter hätten zu wenig Personal, Subunternehmen könnten auf Provisionsbasis arbeiten. Mitarbeiter von Ordnungsämtern haben Angst vor Hundehaltern wie andere Bürger auch, ein Fernlesegerät für Hundemarken könnte helfen, Hundehalter ohne Selbstgefährdung zu identifizieren &#8230;In Spandau lief ein Hund ohne Halsband durch die Innenstadt. Wir brauchen ein Volksbegehren gegen Hundehaltung als Tiermissbrauch und als Stressfaktor für Menschen, immer mehr Flächen werden zugebaut, Hundehalter nutzen Straßen, Plätze, Grünanlagen als Hundeauslaufgebiet, Motorräder dürfen nicht auf Park- und Waldwegen gefahren werden, auch wenn es ein Hobby ist, Motorräder zu fahren oder mit Pfeil und Bogen zu schießen&#8230; Hunde vertrieben die Nachtigall (Bodenbrüter), sie <a href="https://www.berlin.de/sen/verbraucherschutz/aufgaben/tierschutz/hundehaltung/hundebiss-statistik-314090.php">beißen Tiere und Menschen</a>, nicht jeder Hundebiss wird gemeldet, registriert.</p>



<p>Im
Prinzip Hoffnung.</p>



<p>Herzlich Jo Eck</p>



<p>22.05.2019</p>



<p></p>



<p></p>

<p>PDF-Version ich hatte mich beim RBB beschwert, weil u.a. in Kindersendungen behauptet worden war, dass Kinder mit Hunden glücklicher leben – können. Als ich in einem sozialen Brennpunkt Kindern sagte, dass Hunde ihren Hundeeltern als Baby entrissen wurden, reagierten sie &hellip; <a href="https://bello-ade-in-park-und-see.de/index.php/guten-tag/">Weiterlesen <span class="meta-nav">&rarr;</span></a></p>
