{"id":808,"date":"2019-10-30T16:23:09","date_gmt":"2019-10-30T16:23:09","guid":{"rendered":"http:\/\/bello-ade-in-park-und-see.de\/?page_id=808"},"modified":"2019-11-02T08:25:43","modified_gmt":"2019-11-02T08:25:43","slug":"schwanenhatz-in-pankow-junge-schwaene-als-hundefutter","status":"publish","type":"page","link":"https:\/\/bello-ade-in-park-und-see.de\/index.php\/schwanenhatz-in-pankow-junge-schwaene-als-hundefutter\/","title":{"rendered":"Schwanenhatz in Pankow: Junge Schw\u00e4ne als Hundefutter?"},"content":{"rendered":"\n<p>D\u00fcrfen\nHunde Schw\u00e4ne jagen? Sie d\u00fcrfen, sagt die Berliner Polizei, \u201eda das Jagen durch\nHunde deren nat\u00fcrlicher Trieb ist\u201c.<\/p>\n\n\n\n<p>                     <img loading=\"lazy\" decoding=\"async\" width=\"800\" height=\"600\" class=\"wp-image-812\" style=\"width: 800px;\" src=\"http:\/\/bello-ade-in-park-und-see.de\/wp-content\/uploads\/2019\/10\/IMG_1936-klein.jpg\" alt=\"\" srcset=\"https:\/\/bello-ade-in-park-und-see.de\/wp-content\/uploads\/2019\/10\/IMG_1936-klein.jpg 800w, https:\/\/bello-ade-in-park-und-see.de\/wp-content\/uploads\/2019\/10\/IMG_1936-klein-300x225.jpg 300w, https:\/\/bello-ade-in-park-und-see.de\/wp-content\/uploads\/2019\/10\/IMG_1936-klein-768x576.jpg 768w\" sizes=\"auto, (max-width: 800px) 100vw, 800px\" \/><\/p>\n\n\n\n<p>Ende\nMai 2019 beobachteten Naturfotografen, wie in Pankow-Arkenberge eine Schwanenfamilie mit drei\nJungv\u00f6geln von einem Hund angegriffen wurde. Die Halterin war mit zwei\nfreilaufenden Hunden unterwegs. Den angreifenden Hund rief sie erst ab, als sie\nsah, dass der Hund der Unterlegene sein k\u00f6nnte. Vater Schwan verteidigte seine K\u00fcken\nnach Kr\u00e4ften. Vorhergehende Zurufe der Fotografen, sie m\u00f6ge den Hund anleinen,\nbeantwortete sie mit: \u201eLeint Euch doch selber an.\u201c (Weitere Fotos zum Geschehen\nunten.)<\/p>\n\n\n\n<p>Einer der\nFotografen erstattete Anzeige wegen Jagdwilderei. Die Berliner Polizei (Abschnitt&nbsp;13)\nsah diesen Straftatsbestand als nicht gegeben. M\u00f6glicherweise hat sie insofern\nrecht, als bei Jagdwilderei das Recht eines Jagdp\u00e4chters verletzt sein muss. Die\nBegr\u00fcndung der Polizei aber ist eine andere:<\/p>\n\n\n\n<blockquote class=\"wp-block-quote is-layout-flow wp-block-quote-is-layout-flow\"><p>\u201eDer Versto\u00df der Jagdwilderei ist nicht erf\u00fcllt, da das Jagen durch Hunde deren nat\u00fcrlicher Trieb ist.\u201c<\/p><\/blockquote>\n\n\n\n<p>Wie bitte? Hunde\nd\u00fcrfen Wildtiere jagen? D\u00fcrfen sie in Zukunft auch Joggern ins Bein bei\u00dfen,\nnach Radfahrern schnappen und spielenden Kindern das Gesicht zerfetzen, ist Jagen\ndoch ihr \u201enat\u00fcrlicher Trieb\u201c?<\/p>\n\n\n\n<p>Inzwischen ist die Presse aufmerksam geworden. Der <a href=\"https:\/\/leute.tagesspiegel.de\/pankow\/talk-of-the-kiez\/2019\/04\/11\/77573\/\">Tagesspiegel <\/a> berichtete \u00fcber wiederholte Angriffe auf Schw\u00e4ne am Wei\u00dfen See und Dogwalkern mit ganzen Rudeln freilaufender Hunde in Parks und Gr\u00fcnanlagen. Die Stellungnahme der Polizei erregte mittlerweile \u00fcberregionale Aufmerksamkeit. Nach Einsch\u00e4tzung der Zeitschrift <a href=\"https:\/\/www.jagderleben.de\/news\/hund-attackiert-schwan-keine-folgen-fuer-hundebesitzerin\">\u201eJagderleben\u201c<\/a>  verstie\u00df die Hundehalterin zwar nicht gegen das Jagd- aber sehr wohl gegen das Tierschutzgesetz.<\/p>\n\n\n\n<p>Die Polizei hat die Anzeige der Amtsanwaltschaft \u201ezur weiteren Entscheidung\u201c \u00fcbersandt und \u201ewegen eventueller Ordnungswidrigkeiten\u201c das Ordnungsamt Pankow informiert. Eventuelle Ordnungswidrigkeiten? Zum vermutlichen Versto\u00df gegen das Tierschutzgesetz kommt hinzu, dass die Hunde zwingend h\u00e4tten angeleint sein m\u00fcssen, handelt es sich doch um ein Landschaftsschutzgebiet. Zudem h\u00e4tte der Hund gar nicht ins Wasser und selbst angeleint nicht einmal die Badestelle betreten d\u00fcrfen. Das Gr\u00fcnanlagen- und das Hundegesetz sehen allein hierf\u00fcr ein Ordnungsgeld von bis zu 5.000 bzw. 50.000 Euro vor. Wir sind gespannt, wie Stadtrat Kr\u00fcger reagieren wird. Bisher haben weder er noch die Polizei die angebotenen Fotos  oder eine Beschreibung der Hundehalterin angefordert. Aufgrund ihres markanten Erscheinungsbildes d\u00fcrfte es nicht allzu schwer sein, sie zu ermitteln. Doch dies ist kein Einzelfall.<\/p>\n\n\n\n<p>Der Blogger <a href=\"http:\/\/www.berliner-seiten.de\/ganz-nah\/fruehlingsknaller\/\">Herbert Schwenk<\/a> berichtet Anfang April \u00fcber einen Vorfall am Wei\u00dfen See:<\/p>\n\n\n\n<blockquote class=\"wp-block-quote is-layout-flow wp-block-quote-is-layout-flow\"><p>\u201eGegen Mittag geschah vor meinem und meiner Kamera Auge ein schlimmer Hundeangriff auf die Schw\u00e4ne an ihrem Nest. Ein unangeleinter Hund rannte auf das Nest zu und attackierte im Nu heftigst den m\u00e4nnlichen Schwan. Er sprang ihn wild an und versuchte ihn zu bei\u00dfen. Der Schwan wehrte sich erbittert. Die Hundebesitzerin eilte auf unsere Zurufe und Proteste hin schreiend herbei und versuchte, ihren Hund vom Schwan zu trennen. Es war unfassbar anzusehen, wie selbst die Besitzerin ihren Hund nur mit letzter M\u00fche b\u00e4ndigen konnte. Ein Lehrbeispiel f\u00fcr alle uneinsichtigen Hundebesitzer, wie gef\u00e4hrlich ihr \u201aHunde-Leine-los\u2018 f\u00fcr Mensch und Tier ist!!\u201c<\/p><\/blockquote>\n\n\n\n<p>Am n\u00e4chsten\nTag hatten die Schw\u00e4ne das Nest verlassen und die vorhandenen Eier waren nach\nkurzer Zeit verschwunden. Wohl wahr: Ein Lehrbeispiel f\u00fcr uneinsichtige\nHundebesitzer*innen.<\/p>\n\n\n\n<p>Am 11. Juni wurden weitere \u00dcberf\u00e4lle von Hunden am Arkenberger See beobachtet:<\/p>\n\n\n\n<p><img loading=\"lazy\" decoding=\"async\" width=\"800\" height=\"457\" class=\"wp-image-811\" style=\"width: 800px;\" src=\"http:\/\/bello-ade-in-park-und-see.de\/wp-content\/uploads\/2019\/10\/IMG_5442_k.jpg\" alt=\"\" srcset=\"https:\/\/bello-ade-in-park-und-see.de\/wp-content\/uploads\/2019\/10\/IMG_5442_k.jpg 800w, https:\/\/bello-ade-in-park-und-see.de\/wp-content\/uploads\/2019\/10\/IMG_5442_k-300x171.jpg 300w, https:\/\/bello-ade-in-park-und-see.de\/wp-content\/uploads\/2019\/10\/IMG_5442_k-768x439.jpg 768w\" sizes=\"auto, (max-width: 800px) 100vw, 800px\" \/><\/p>\n\n\n\n<p><img loading=\"lazy\" decoding=\"async\" width=\"800\" height=\"422\" class=\"wp-image-810\" style=\"width: 800px;\" src=\"http:\/\/bello-ade-in-park-und-see.de\/wp-content\/uploads\/2019\/10\/IMG_5434_k.jpg\" alt=\"\" srcset=\"https:\/\/bello-ade-in-park-und-see.de\/wp-content\/uploads\/2019\/10\/IMG_5434_k.jpg 800w, https:\/\/bello-ade-in-park-und-see.de\/wp-content\/uploads\/2019\/10\/IMG_5434_k-300x158.jpg 300w, https:\/\/bello-ade-in-park-und-see.de\/wp-content\/uploads\/2019\/10\/IMG_5434_k-768x405.jpg 768w\" sizes=\"auto, (max-width: 800px) 100vw, 800px\" \/><\/p>\n\n\n\n<p>Hier weitere Fotos zum Hunde-\u00dcberfall im Mai:<\/p>\n\n\n\n<p><img loading=\"lazy\" decoding=\"async\" width=\"800\" height=\"600\" class=\"wp-image-813\" style=\"width: 800px;\" src=\"http:\/\/bello-ade-in-park-und-see.de\/wp-content\/uploads\/2019\/10\/IMG_1931-Hund-klein.jpg\" alt=\"\" srcset=\"https:\/\/bello-ade-in-park-und-see.de\/wp-content\/uploads\/2019\/10\/IMG_1931-Hund-klein.jpg 800w, https:\/\/bello-ade-in-park-und-see.de\/wp-content\/uploads\/2019\/10\/IMG_1931-Hund-klein-300x225.jpg 300w, https:\/\/bello-ade-in-park-und-see.de\/wp-content\/uploads\/2019\/10\/IMG_1931-Hund-klein-768x576.jpg 768w\" sizes=\"auto, (max-width: 800px) 100vw, 800px\" \/><\/p>\n\n\n\n<p><img loading=\"lazy\" decoding=\"async\" width=\"800\" height=\"600\" class=\"wp-image-814\" style=\"width: 800px;\" src=\"http:\/\/bello-ade-in-park-und-see.de\/wp-content\/uploads\/2019\/10\/IMG_1933-klein.jpg\" alt=\"\" srcset=\"https:\/\/bello-ade-in-park-und-see.de\/wp-content\/uploads\/2019\/10\/IMG_1933-klein.jpg 800w, https:\/\/bello-ade-in-park-und-see.de\/wp-content\/uploads\/2019\/10\/IMG_1933-klein-300x225.jpg 300w, https:\/\/bello-ade-in-park-und-see.de\/wp-content\/uploads\/2019\/10\/IMG_1933-klein-768x576.jpg 768w\" sizes=\"auto, (max-width: 800px) 100vw, 800px\" \/><\/p>\n\n\n\n<p><img loading=\"lazy\" decoding=\"async\" width=\"800\" height=\"600\" class=\"wp-image-815\" style=\"width: 800px;\" src=\"http:\/\/bello-ade-in-park-und-see.de\/wp-content\/uploads\/2019\/10\/IMG_1934-klein.jpg\" alt=\"\" srcset=\"https:\/\/bello-ade-in-park-und-see.de\/wp-content\/uploads\/2019\/10\/IMG_1934-klein.jpg 800w, https:\/\/bello-ade-in-park-und-see.de\/wp-content\/uploads\/2019\/10\/IMG_1934-klein-300x225.jpg 300w, https:\/\/bello-ade-in-park-und-see.de\/wp-content\/uploads\/2019\/10\/IMG_1934-klein-768x576.jpg 768w\" sizes=\"auto, (max-width: 800px) 100vw, 800px\" \/><\/p>\n\n\n\n<p><img loading=\"lazy\" decoding=\"async\" width=\"800\" height=\"600\" class=\"wp-image-816\" style=\"width: 800px;\" src=\"http:\/\/bello-ade-in-park-und-see.de\/wp-content\/uploads\/2019\/10\/IMG_1935-Angriff.jpg\" alt=\"\" srcset=\"https:\/\/bello-ade-in-park-und-see.de\/wp-content\/uploads\/2019\/10\/IMG_1935-Angriff.jpg 800w, https:\/\/bello-ade-in-park-und-see.de\/wp-content\/uploads\/2019\/10\/IMG_1935-Angriff-300x225.jpg 300w, https:\/\/bello-ade-in-park-und-see.de\/wp-content\/uploads\/2019\/10\/IMG_1935-Angriff-768x576.jpg 768w\" sizes=\"auto, (max-width: 800px) 100vw, 800px\" \/><\/p>\n\n\n\n<p><img loading=\"lazy\" decoding=\"async\" width=\"800\" height=\"600\" class=\"wp-image-817\" style=\"width: 800px;\" src=\"http:\/\/bello-ade-in-park-und-see.de\/wp-content\/uploads\/2019\/10\/IMG_1936-klein-1.jpg\" alt=\"\" srcset=\"https:\/\/bello-ade-in-park-und-see.de\/wp-content\/uploads\/2019\/10\/IMG_1936-klein-1.jpg 800w, https:\/\/bello-ade-in-park-und-see.de\/wp-content\/uploads\/2019\/10\/IMG_1936-klein-1-300x225.jpg 300w, https:\/\/bello-ade-in-park-und-see.de\/wp-content\/uploads\/2019\/10\/IMG_1936-klein-1-768x576.jpg 768w\" sizes=\"auto, (max-width: 800px) 100vw, 800px\" \/><\/p>\n\n\n\n<p><img loading=\"lazy\" decoding=\"async\" width=\"800\" height=\"600\" class=\"wp-image-818\" style=\"width: 800px;\" src=\"http:\/\/bello-ade-in-park-und-see.de\/wp-content\/uploads\/2019\/10\/IMG_1937-Angriff.jpg\" alt=\"\" srcset=\"https:\/\/bello-ade-in-park-und-see.de\/wp-content\/uploads\/2019\/10\/IMG_1937-Angriff.jpg 800w, https:\/\/bello-ade-in-park-und-see.de\/wp-content\/uploads\/2019\/10\/IMG_1937-Angriff-300x225.jpg 300w, https:\/\/bello-ade-in-park-und-see.de\/wp-content\/uploads\/2019\/10\/IMG_1937-Angriff-768x576.jpg 768w\" sizes=\"auto, (max-width: 800px) 100vw, 800px\" \/><\/p>\n\n\n\n<p><img loading=\"lazy\" decoding=\"async\" width=\"800\" height=\"600\" class=\"wp-image-819\" style=\"width: 800px;\" src=\"http:\/\/bello-ade-in-park-und-see.de\/wp-content\/uploads\/2019\/10\/IMG_1938-Angriff.jpg\" alt=\"\" srcset=\"https:\/\/bello-ade-in-park-und-see.de\/wp-content\/uploads\/2019\/10\/IMG_1938-Angriff.jpg 800w, https:\/\/bello-ade-in-park-und-see.de\/wp-content\/uploads\/2019\/10\/IMG_1938-Angriff-300x225.jpg 300w, https:\/\/bello-ade-in-park-und-see.de\/wp-content\/uploads\/2019\/10\/IMG_1938-Angriff-768x576.jpg 768w\" sizes=\"auto, (max-width: 800px) 100vw, 800px\" \/><\/p>\n\n\n\n<p><img loading=\"lazy\" decoding=\"async\" width=\"800\" height=\"600\" class=\"wp-image-820\" style=\"width: 800px;\" src=\"http:\/\/bello-ade-in-park-und-see.de\/wp-content\/uploads\/2019\/10\/IMG_1939-Angriff.jpg\" alt=\"\" srcset=\"https:\/\/bello-ade-in-park-und-see.de\/wp-content\/uploads\/2019\/10\/IMG_1939-Angriff.jpg 800w, https:\/\/bello-ade-in-park-und-see.de\/wp-content\/uploads\/2019\/10\/IMG_1939-Angriff-300x225.jpg 300w, https:\/\/bello-ade-in-park-und-see.de\/wp-content\/uploads\/2019\/10\/IMG_1939-Angriff-768x576.jpg 768w\" sizes=\"auto, (max-width: 800px) 100vw, 800px\" \/><\/p>\n\n\n\n<p><img loading=\"lazy\" decoding=\"async\" width=\"800\" height=\"600\" class=\"wp-image-821\" style=\"width: 800px;\" src=\"http:\/\/bello-ade-in-park-und-see.de\/wp-content\/uploads\/2019\/10\/IMG_1939-klein.jpg\" alt=\"\" srcset=\"https:\/\/bello-ade-in-park-und-see.de\/wp-content\/uploads\/2019\/10\/IMG_1939-klein.jpg 800w, https:\/\/bello-ade-in-park-und-see.de\/wp-content\/uploads\/2019\/10\/IMG_1939-klein-300x225.jpg 300w, https:\/\/bello-ade-in-park-und-see.de\/wp-content\/uploads\/2019\/10\/IMG_1939-klein-768x576.jpg 768w\" sizes=\"auto, (max-width: 800px) 100vw, 800px\" \/><\/p>\n\n\n\n<p>Ver\u00f6ffentlicht\nam 30.10.2019<\/p>\n","protected":false},"excerpt":{"rendered":"<p>D\u00fcrfen Hunde Schw\u00e4ne jagen? Sie d\u00fcrfen, sagt die Berliner Polizei, \u201eda das Jagen durch Hunde deren nat\u00fcrlicher Trieb ist\u201c. Ende Mai 2019 beobachteten Naturfotografen, wie in Pankow-Arkenberge eine Schwanenfamilie mit drei Jungv\u00f6geln von einem Hund angegriffen wurde. Die Halterin war &hellip; <a href=\"https:\/\/bello-ade-in-park-und-see.de\/index.php\/schwanenhatz-in-pankow-junge-schwaene-als-hundefutter\/\">Weiterlesen <span class=\"meta-nav\">&rarr;<\/span><\/a><\/p>\n","protected":false},"author":3,"featured_media":0,"parent":0,"menu_order":0,"comment_status":"closed","ping_status":"closed","template":"full-width-page.php","meta":{"footnotes":""},"class_list":["post-808","page","type-page","status-publish","hentry"],"_links":{"self":[{"href":"https:\/\/bello-ade-in-park-und-see.de\/index.php\/wp-json\/wp\/v2\/pages\/808","targetHints":{"allow":["GET"]}}],"collection":[{"href":"https:\/\/bello-ade-in-park-und-see.de\/index.php\/wp-json\/wp\/v2\/pages"}],"about":[{"href":"https:\/\/bello-ade-in-park-und-see.de\/index.php\/wp-json\/wp\/v2\/types\/page"}],"author":[{"embeddable":true,"href":"https:\/\/bello-ade-in-park-und-see.de\/index.php\/wp-json\/wp\/v2\/users\/3"}],"replies":[{"embeddable":true,"href":"https:\/\/bello-ade-in-park-und-see.de\/index.php\/wp-json\/wp\/v2\/comments?post=808"}],"version-history":[{"count":12,"href":"https:\/\/bello-ade-in-park-und-see.de\/index.php\/wp-json\/wp\/v2\/pages\/808\/revisions"}],"predecessor-version":[{"id":843,"href":"https:\/\/bello-ade-in-park-und-see.de\/index.php\/wp-json\/wp\/v2\/pages\/808\/revisions\/843"}],"wp:attachment":[{"href":"https:\/\/bello-ade-in-park-und-see.de\/index.php\/wp-json\/wp\/v2\/media?parent=808"}],"curies":[{"name":"wp","href":"https:\/\/api.w.org\/{rel}","templated":true}]}}