{"id":99,"date":"2015-10-04T11:47:00","date_gmt":"2015-10-04T11:47:00","guid":{"rendered":"http:\/\/bello-ade.bplaced.net\/?page_id=99"},"modified":"2020-10-08T19:01:14","modified_gmt":"2020-10-08T19:01:14","slug":"aktuelles","status":"publish","type":"page","link":"https:\/\/bello-ade-in-park-und-see.de\/index.php\/aktuelles\/","title":{"rendered":"Aktuelles"},"content":{"rendered":"<p style=\"padding-left: 30px;\"><strong>F\u00e4lschungen: <\/strong>Selbstverst\u00e4ndlich stammen die Website <a href=\"https:\/\/belloadeinparkundsee.wordpress.com\/\">https:\/\/belloadeinparkundsee.wordpress.com\/ <\/a>sowie die Facebook-Seite <a href=\"https:\/\/www.facebook.com\/belloadeinparkundsee\/\">https:\/\/www.facebook.com\/belloadeinparkundsee\/<\/a> und deren verschiedensprachigen Varianten nicht von unserer B\u00fcrgerinitiative. Verantwortet werden sie von einer Person, die sich Shing Shang Shung nennt und angeblich in Hongkong wohnt.<\/p>\n<hr \/>\n<h4><a href=\"http:\/\/bello-ade-in-park-und-see.de\/index.php\/termine\/\">\u00a0Termine <\/a>(bitte anklicken)<\/h4>\n<hr \/>\n<ul>\n<li><a href=\"https:\/\/bello-ade-in-park-und-see.de\/index.php\/hundebiss-gefahrdrohend-angesprungen-was-ist-zu-tun\/\"><strong>Hundebiss, gefahrdrohend angesprungen: Was ist zu tun?<\/strong><\/a><\/li>\n<\/ul>\n<p style=\"padding-left: 40px;\">In diesem Beitrag geben wir Hinweise, was unternommen werden sollte, wenn jemand gebissen oder gefahrdrohend angesprungen wurde.<\/p>\n<ul>\n<li><strong><a href=\"http:\/\/bello-ade-in-park-und-see.de\/index.php\/berlin-hauptstadt-der-hunde-und-der-steuersuender_innen\/\">Berlin: Hauptstadt der Hunde \u2013 und der Steuers\u00fcnder_innen?<\/a><\/strong>\n<p>Anders als in anderen Gro\u00dfst\u00e4dten gibt es in Berlin kaum unversteuerte Hunde und bei der Steuererhebung w\u00fcrden die Grunds\u00e4tze des Bundesverfassungsgerichts beachtet, meint der Petitionsausschuss des Abgeordnetenhauses. Er irrt sich.<\/p>\n<\/li>\n<li>\n<p><a href=\"http:\/\/bello-ade-in-park-und-see.de\/index.php\/schwanenhatz-in-pankow-junge-schwaene-als-hundefutter\/\"><strong>Schwanenhatz in Pankow: Junge Schw\u00e4ne als Hundefutter?<\/strong><\/a><\/p>\n<\/li>\n<\/ul>\n<p style=\"padding-left: 40px;\">\u201eDer Versto\u00df der Jagdwilderei ist nicht erf\u00fcllt, da das Jagen durch Hunde deren nat\u00fcrlicher Trieb ist\u201c, meint die Berliner Polizei.<\/p>\n<ul>\n<li><a href=\"http:\/\/bello-ade-in-park-und-see.de\/index.php\/neue-tarife-fuer-bvg-und-s-bahn-unsere-vorschlaege\/\"><strong>Neue Tarife f\u00fcr BVG und S-Bahn &#8211; unsere Vorschl\u00e4ge<\/strong><\/a><\/li>\n<\/ul>\n<p style=\"padding-left: 40px;\">Grundlage unserer \u00dcberlegungen sind Regelungen in anderen St\u00e4dten im In- und Ausland.<\/p>\n<ul>\n<li><a href=\"http:\/\/bello-ade-in-park-und-see.de\/index.php\/coco-verliess-ice-in-spandau\/\"><strong>\u201eCoco\u201c verlie\u00df ICE in Spandau \u2013 In Zukunft wird er schon vorher aussteigen m\u00fcssen.<\/strong><\/a><\/li>\n<\/ul>\n<p style=\"padding-left: 40px;\">Die Deutsche Bahn erneuerte ihre Dienstanweisung:\u00a0 Hunde ohne Leine und Maulkorb werden \u201evon der Weiterfahrt ausgeschlossen\u201c.<\/p>\n<ul>\n<li><strong><a href=\"http:\/\/bello-ade-in-park-und-see.de\/index.php\/guten-tag\/\">Brief aus Spandau<\/a>:<\/strong><\/li>\n<\/ul>\n<p style=\"padding-left: 40px;\">&#8222;Wir brauchen ein Volksbegehren gegen Hundehaltung als Tiermissbrauch und als Stressfaktor f\u00fcr Menschen&#8220; schreibt Jo Eck. Verwiesen sei auch auf ihr materialreiches und nachdenklich stimmendes Essay \u201eParallelgesellschaft. Dramatisches in Hundeforen. Theater pur. Rollenspiel Hundeleben\u201c (<a href=\"http:\/\/www.kunstlandschaft-spandau.de\/auf_den_hund_gekommen.pdf\">Link<\/a>).<\/p>\n<ul>\n<li>Buchhinweis<\/li>\n<\/ul>\n<p style=\"padding-left: 30px;\"><a href=\"http:\/\/bello-ade-in-park-und-see.de\/index.php\/buchhinweis\/\"><strong>J\u00fcrgen K\u00f6rner: Gutes Tier \u2013 b\u00f6ser Mensch? Psychologie der Mensch-Tier-Beziehung.<\/strong><\/a><\/p>\n<p style=\"padding-left: 30px;\">Der Autor \u00f6ffnet den Blick auf die Mensch-Tier-Beziehung aus psychoanalytischer Sicht. Dieses Wissen kann helfen, die Lobby der Tierliebhaber*innen besser zu verstehen. Es macht aber auch deutlich, wie wenig Dialogbereitschaft zu erwarten ist, wenn jemand sein Tier dem Menschen gleichstellt und wie weit er gehen kann, um die vermeintlichen Bed\u00fcrfnisse des Tieres zu verteidigen.<\/p>\n<ul>\n<li><a href=\"http:\/\/bello-ade-in-park-und-see.de\/index.php\/hundesteuer\/\"><strong>Wie viele Hunde vertr\u00e4gt die Stadt?<\/strong><\/a><\/li>\n<\/ul>\n<p style=\"padding-left: 30px;\">Im Gegensatz zu anderen Heimtieren beanspruchen Hunde \u00f6ffentlichen Raum. Nicht selten bel\u00e4stigen sie Unbeteiligte und verursachen Sch\u00e4den in Parks, W\u00e4ldern, an Stra\u00dfenb\u00e4umen und Geb\u00e4uden. 600 Menschen werden in Berlin allj\u00e4hrlich von Hunden gebissen, so die offizielle Statistik. Die Dunkelziffer ist erheblich; die Zahl der Hundebisse d\u00fcrfte bei 6.000 liegen. Wie viele Hunde vertr\u00e4gt die Stadt? Die Zahl der Hunde steigt in Berlin kontinuierlich, allein von 2012 bis 2016 um gut 10.000 (von 94.388 auf 104.757). Doch dies ist nur die \u201ehalbe Wahrheit\u201c, denn in Berlin ist jeder zweite Hund nicht angemeldet. Das traditionelle Mittel zur Begrenzung einer \u00fcberm\u00e4\u00dfigen Ausdehnung der Hundehaltungen ist die Hundesteuer. Wir haben den Hauptausschuss des Abgeordnetenhauses aufgefordert, f\u00fcr deren tats\u00e4chliche Erhebung Sorge zu tragen. Der Senat missachtet massiv den steuerlichen \u201eVerifikationsgrundsatz\u201c des Bundesverfassungsgerichts. Unser Schreiben finden Sie <a href=\"http:\/\/bello-ade-in-park-und-see.de\/index.php\/hundesteuer\/\">hier<\/a>.<\/p>\n<ul>\n<li><strong><a href=\"http:\/\/bello-ade-in-park-und-see.de\/index.php\/verwaltungsgerichtsurteil-vom-7-dezember-2017-zur-hundemitnahme-an-den-seen\/\">Hundemitnahme an den Seen: Neues Verwaltungsgerichtsurteil vom 7. Dezember 2017 <\/a><\/strong><\/li>\n<\/ul>\n<p style=\"padding-left: 30px;\">Berliner Hundehalter*innen wollten erreichen, dass sie ihre Hunde ganzj\u00e4hrig und unangeleint an die Ufer der Krummen Lanke und des Schlachtensees mitnehmen d\u00fcrfen, hilfsweise zumindest angeleint au\u00dferhalb der Badesaison. <a href=\"https:\/\/www.berlin.de\/gerichte\/verwaltungsgericht\/presse\/pressemitteilungen\/2016\/23-k-0495-15-171109-urteil-anonymisiert.pdf\">Die Entscheidung des Gerichts<\/a>: Auch Badestellen, die nicht als solche gekennzeichnet sind, sind f\u00fcr Hunde tabu, und die ganzj\u00e4hrige Anleinpflicht sowie das Verbot, Hunde in den Seen schwimmen zu lassen, gelten fort. Insoweit ist das Urteil nur zu begr\u00fc\u00dfen. Allerdings erlaubte das Gericht, Hunde au\u00dferhalb der Badesaison an die Str\u00e4nde mitzunehmen. Unseres Erachtens darf dieses Urteil aus Gr\u00fcnden des Gesundheitsschutzes nicht bestehen bleiben, denn z.B. im Winter eingebrachte Hundespulwurmeier sind zu Beginn der Badesaison f\u00fcr Menschen immer noch h\u00f6chst gef\u00e4hrlich. Wir haben den Senat aufgefordert in Berufung zu gehen. Unser Schreiben finden Sie <a href=\"http:\/\/bello-ade-in-park-und-see.de\/index.php\/verwaltungsgerichtsurteil-vom-7-dezember-2017-zur-hundemitnahme-an-den-seen\/\">hier<\/a>.<\/p>\n<p style=\"padding-left: 40px;\">Nachtrag Mai 2019: Das Urteil ist nicht rechtskr\u00e4ftig.<\/p>\n<p>\u00a0<\/p>\n<ul>\n<li><strong><a href=\"http:\/\/bello-ade-in-park-und-see.de\/index.php\/parteien-zum-hundeverbot\/\">Parteien zum Hundeverbot: Was ist von der neuen BVV zu erwarten?<\/a><\/strong><\/li>\n<\/ul>\n<p style=\"padding-left: 30px;\">Der Tagesspiegel hat den Spitzenkandidaten\/innen f\u00fcr die Wahl zur Bezirksverordnetenversammlung (BVV) Steglitz-Zehlendorf vor den Wahlen einen Katalog an Fragen vorgelegt. Wir dokumentieren und kommentieren die Antworten zur Hunde-Frage.<\/p>\n<ul>\n<li><a href=\"http:\/\/bello-ade-in-park-und-see.de\/index.php\/neues-hundegesetz_3\/\"><strong>Neues Hundegesetz in Kraft. <\/strong><\/a>Eine abschlie\u00dfende Bewertung<\/li>\n<\/ul>\n<p style=\"padding-left: 30px;\">Die \u201eBerliner Schnauzen\u201c haben gegen das sommerliche Hundeverbot am Schlachtensee und der Krummen Lanke zahlreich <a href=\"http:\/\/berliner-schnauzen.info\/wp-content\/uploads\/2016\/04\/Widerspruch-BA.pdf\">Widerspruch<\/a> eingelegt. Am 22.6. findet dazu eine Verhandlung vor dem Verwaltungsgericht Berlin statt. Der Kl\u00e4ger Dr. Stefan F. will erreichen, dass er seinen Hund <strong>ab sofort<\/strong> wieder an den Seen spazieren f\u00fchren darf. Die Verhandlung ist \u00f6ffentlich: 22. Juni 2016, 11.00 Uhr, Verwaltungsgericht Berlin, <a href=\"http:\/\/www.Berlin.de\/stadtplan\/?ADR_ZIP=10557&amp;ADR_CITY=Berlin&amp;ADR_STREET=Kirchstra%C3%9Fe%20&amp;ADR_HOUSE=7\">Kirchstra\u00dfe 7, 10557 Berlin<\/a>, Saal 4304 (S Bellevue, U Turmstra\u00dfe, U Hansaplatz und diverse Buslinien). Bitte den Personalausweis mitbringen. <a href=\"http:\/\/www.berlin.de\/gerichte\/verwaltungsgericht\/presse\/pressemitteilungen\/2016\/pressemitteilung.487468.php\">Hier die Pressemitteilung<\/a> des Verwaltungsgerichts.<\/p>\n<ul>\n<li><strong><a href=\"http:\/\/bello-ade-in-park-und-see.de\/index.php\/stellungnahme-hundegesetz_2\/\">Stellungnahme zum Entwurf des neuen Berliner Hundegesetzes &#8211; in der vom Rechtsausschuss am 18.5.2016 verabschiedeten Fassung &#8211;<\/a><\/strong><\/li>\n<\/ul>\n<ul>\n<li>\u00a0<strong><a href=\"http:\/\/bello-ade-in-park-und-see.de\/index.php\/ueber-die-notwendigkeit-des-hunde-schwemmens\/\">\u00dcber die Notwendigkeit des Hunde-Schwemmens &#8230;<\/a><\/strong><\/li>\n<\/ul>\n<ul>\n<li><strong>&#8222;Hundehalter kommt in diese Stadt&#8220; &#8211; den Hundekot k\u00f6nnt ihr getrost liegenlassen<\/strong>, stand auf Berlin.de. Ein Zeichen f\u00fcr die &#8222;Verhundung&#8220; der Berliner Verwaltung? <a href=\"http:\/\/bello-ade-in-park-und-see.de\/index.php\/hundehalter-kommt-in-diese-stadt-den-hundekot-koennt-ihr-getrost-liegenlassen\/\">Hier der Bericht<\/a>.<\/li>\n<\/ul>\n<ul>\n<li><strong><a href=\"http:\/\/bello-ade-in-park-und-see.de\/index.php\/neue-klage-beim-verwaltungsgericht-das-versteht-kein-hund-mehr\/\">Neue Klage beim Verwaltungsgericht: Das versteht kein Hund mehr!<\/a><\/strong><\/li>\n<\/ul>\n<ul>\n<li><strong><a href=\"http:\/\/bello-ade-in-park-und-see.de\/index.php\/452-2\/\">Bezirke sollen hundefreie Zonen einrichten d\u00fcrfen &#8211; Senat greift unsere Idee auf<\/a><\/strong><\/li>\n<\/ul>\n<ul>\n<li><strong>Saisonales Hundeverbot 15. April bis 15. Oktober<\/strong><\/li>\n<\/ul>\n<p style=\"padding-left: 30px;\">Das Landesforstamt und das Bezirksamt\u00a0 Steglitz-Zehlendorf erlie\u00dfen am 8.4.2016 Verf\u00fcgungen, nach denen die Mitnahme von Hunden auf den Uferwegen des Schlachtensees und der Krummen Lanke vom 15. April bis zum 15. Oktober untersagt ist. Die Begr\u00fcndungen sind: \u201eSchutz der Erholungssuchenden ohne Hund\u201c, \u201eSchutz der Uferbereiche (Forstschutz) und Schutz wild lebender Tiere\u201c sowie \u201eSchutz der Badegew\u00e4sser\u201c. Quelle: <a href=\"http:\/\/www.kulturbuch-verlag.de\/Service\/amtsblatt-fur-berlin\/kostenloser-lese-service\">Amtsblatt<\/a> Nr. 14\/2016, S. 740ff. und S. 755ff. Hier geht es zur <a href=\"http:\/\/www.berlin.de\/ba-steglitz-zehlendorf\/aktuelles\/pressemitteilungen\/2016\/pressemitteilung.468227.php\">Pressemitteilung des Bezirksamts.<\/a><\/p>\n<ul>\n<li>\u00a0<strong>BVV: Saisonales Hundeverbot <\/strong><\/li>\n<\/ul>\n<p style=\"padding-left: 30px;\">Am 16.3.2016 hat die Bezirksverordnetenversammlung (BVV) Steglitz-Zehlendorf beschlossen, das Bezirksamt um folgende Regelung zu ersuchen:\u201eHunde d\u00fcrfen auf dem Uferweg rund um den Schlachtensee und die Krumme Lanke, soweit dieser der bezirklichen Zust\u00e4ndigkeit unterliegt, sowie der zu den Seen hin anschlie\u00dfenden Fl\u00e4che nicht mitgef\u00fchrt werden. Ausgenommen ist die Br\u00fccke am \u00f6stlichen Ende der Krummen Lanke nebst k\u00fcrzester Zuwegung. Vom 15.10. bis zum 15.04. d\u00fcrfen Hunde auf dem Weg an der Leine mitgef\u00fchrt werden.\u201c Bei den f\u00fcr die waldseitigen Wege zust\u00e4ndigen Beh\u00f6rden \u2013 gemeint ist vor allem die Forstverwaltung \u2013 solle das Bezirksamt eine analoge Regelung \u201eanregen\u201c. Der <a href=\"https:\/\/www.berlin.de\/ba-steglitz-zehlendorf\/politik-und-verwaltung\/bezirksverordnetenversammlung\/online\/vo020.asp?VOLFDNR=5581&amp;options=4\">Beschluss<\/a> erfolgte mit den Stimmen der CDU und der Gr\u00fcnen; SPD und Piraten stimmten dagegen. Siehe auch den Bericht des <a href=\"http:\/\/www.tagesspiegel.de\/berlin\/bezirke\/zehlendorf\/bvv-steglitz-zehlendorf-heftige-debatte-um-saisonales-hundeverbot-an-badeseen\/13333808.html\">Tagesspiegels<\/a>. Grundlage dieses Antrages ist das Berliner <a href=\"http:\/\/gesetze.berlin.de\/jportal\/?quelle=jlink&amp;query=Gr%C3%BCnAnlG+BE&amp;psml=bsbeprod.psml&amp;max=true&amp;aiz=true\">G\u00fcnanlagengesetz<\/a>. Dort hei\u00dft es im Paragraphen 6,4: \u201eDie Bezirksverwaltung kann f\u00fcr Anlagen oder Anlagenteile Beschr\u00e4nkungen auf bestimmte Benutzungsarten und \u00d6ffnungszeiten festlegen und die Benutzung durch Gebote oder Verbote regeln.\u201c<\/p>\n<ul>\n<li>Unser offener Brief an die Abgeordneten der BVV, des Landtages und die beteiligten Verwaltungen:\u00a0 <a href=\"http:\/\/bello-ade-in-park-und-see.de\/index.php\/mail-an-die-abgeordneten\/\"><strong>Bitte das Hundeverbot am Schlachtensee und an der Krummen Lanke beibehalten! <\/strong><\/a>Vgl. auch <a href=\"http:\/\/tagesspiegel.de\/berlin\/bezirke\/zehlendorf\/hundeverbot-schlachtensee-gastbeitrag-von-bello-ade-saisonaler-kompromiss-ist-keine-loesung\/12836048.html\">Der Tagesspiegel<\/a>.<\/li>\n<\/ul>\n<ul>\n<li><strong><a href=\"http:\/\/bello-ade-in-park-und-see.de\/index.php\/verwaltungsgericht-berlin-hunde-duerfen-an-die-seen-ein-wirklichkeitsfremdes-urteil\/\">\u00a0Verwaltungsgericht Berlin: Hunde d\u00fcrfen an die Seen \u2013 Ein wirklichkeitsfremdes Urteil \u2013 <\/a><\/strong>Die schriftliche Urteilsbegr\u00fcndung des Gerichts finden Sie<strong><a href=\"http:\/\/www.gerichtsentscheidungen.berlin-brandenburg.de\/jportal\/portal\/t\/14kt\/bs\/10\/page\/sammlung.psml?doc.hl=1&amp;doc.id=JURE160001998&amp;documentnumber=20&amp;numberofresults=3158&amp;doctyp=juris-r&amp;showdoccase=1&amp;doc.part=L&amp;paramfromHL=true#focuspoint\"> hier<\/a><\/strong>.<\/li>\n<\/ul>\n<ul>\n<li>\u00a0Unsere <strong><a href=\"http:\/\/bello-ade-in-park-und-see.de\/index.php\/hundegesetz\/\">Stellungnahme zur Neufassung des Berliner Hundegesetzes<\/a><\/strong> ist fertig.<\/li>\n<\/ul>\n<ul>\n<li>\u00a0In der Sendung \u201eDein Vormittag\u201c von <strong>radioBerlin 88,8<\/strong> diskutierten am 16.11.2015 Dr. Eisenhart von Loeper, Vorstandsvorsitzender der Erna-Graff-Stiftung f\u00fcr Tierschutz, und PD Dr. Helga Ostendorf von der BI \u201ebello ade in Park und See\u201c. Die Sendung kann <a href=\"https:\/\/www.radioberlin.de\/av\/audios\/dein-vormittag---interviews\/klage-gegen-hundeverbot.html\"><strong>hier<\/strong> nachverfolgt werden<\/a>.<\/li>\n<\/ul>\n<ul>\n<li>\u00a0Nach einer Anh\u00f6rung von Experten und Expertinnen und intensiver Diskussion vertagte der <strong><a href=\"http:\/\/www.parlament-berlin.de\/C1257B55002AD428\/CurrentBaseLink\/W297WHEU803MMISDE\">\u201eAusschuss f\u00fcr Verfassungs- und Rechtsangelegenheiten, Verbraucherschutz, Gesch\u00e4ftsordnung\u201c<\/a><\/strong> des Berliner Abgeordnetenhauses am 18.11.2015 seinen Beschluss zum Entwurf eines neuen Hundegesetzes. Zu Stellungnahmen eingeladen waren die Leitende Amtstier\u00e4rztin des Bezirks Spandau, zwei Tier\u00e4rztinnen des Tierschutzvereins Berlin, der Berliner Tierschutzbeauftragte und eine Vertreterin der \u201eBerliner Schnauzen\u201c. Das Wortprotokoll und die Tischvorlagen k\u00f6nnen <strong><a href=\"http:\/\/www.parlament-berlin.de\/C1257B55002AD428\/CurrentBaseLink\/W29ASL5C366DEVSDE?open&amp;Wahlperiode=17&amp;Ausschuss=Ausschuss%20f%C3%BCr%20Verfassungs-%20und%20Rechtsangelegenheiten,%20Verbraucherschutz,%20Gesch%C3%A4ftsordnung\">hier<\/a><\/strong> aufgerufen werden.<\/li>\n<\/ul>\n\n\n<p><\/p>\n","protected":false},"excerpt":{"rendered":"<p>F\u00e4lschungen: Selbstverst\u00e4ndlich stammen die Website https:\/\/belloadeinparkundsee.wordpress.com\/ sowie die Facebook-Seite https:\/\/www.facebook.com\/belloadeinparkundsee\/ und deren verschiedensprachigen Varianten nicht von unserer B\u00fcrgerinitiative. Verantwortet werden sie von einer Person, die sich Shing Shang Shung nennt und angeblich in Hongkong wohnt. \u00a0Termine (bitte anklicken) Hundebiss, gefahrdrohend &hellip; <a href=\"https:\/\/bello-ade-in-park-und-see.de\/index.php\/aktuelles\/\">Weiterlesen <span class=\"meta-nav\">&rarr;<\/span><\/a><\/p>\n","protected":false},"author":3,"featured_media":0,"parent":0,"menu_order":0,"comment_status":"closed","ping_status":"closed","template":"full-width-page.php","meta":{"footnotes":""},"class_list":["post-99","page","type-page","status-publish","hentry"],"_links":{"self":[{"href":"https:\/\/bello-ade-in-park-und-see.de\/index.php\/wp-json\/wp\/v2\/pages\/99","targetHints":{"allow":["GET"]}}],"collection":[{"href":"https:\/\/bello-ade-in-park-und-see.de\/index.php\/wp-json\/wp\/v2\/pages"}],"about":[{"href":"https:\/\/bello-ade-in-park-und-see.de\/index.php\/wp-json\/wp\/v2\/types\/page"}],"author":[{"embeddable":true,"href":"https:\/\/bello-ade-in-park-und-see.de\/index.php\/wp-json\/wp\/v2\/users\/3"}],"replies":[{"embeddable":true,"href":"https:\/\/bello-ade-in-park-und-see.de\/index.php\/wp-json\/wp\/v2\/comments?post=99"}],"version-history":[{"count":116,"href":"https:\/\/bello-ade-in-park-und-see.de\/index.php\/wp-json\/wp\/v2\/pages\/99\/revisions"}],"predecessor-version":[{"id":939,"href":"https:\/\/bello-ade-in-park-und-see.de\/index.php\/wp-json\/wp\/v2\/pages\/99\/revisions\/939"}],"wp:attachment":[{"href":"https:\/\/bello-ade-in-park-und-see.de\/index.php\/wp-json\/wp\/v2\/media?parent=99"}],"curies":[{"name":"wp","href":"https:\/\/api.w.org\/{rel}","templated":true}]}}